{"id":8821,"date":"2022-10-04T16:11:31","date_gmt":"2022-10-04T13:11:31","guid":{"rendered":"https:\/\/taskopru.bel.tr\/v1\/?page_id=8821"},"modified":"2022-10-05T11:07:21","modified_gmt":"2022-10-05T08:07:21","slug":"personel-ltd-sti","status":"publish","type":"page","link":"https:\/\/taskopru.bel.tr\/v1\/personel-ltd-sti\/","title":{"rendered":"PERSONEL LTD. \u015eT\u0130."},"content":{"rendered":"<p><strong><a href=\"https:\/\/taskopru.bel.tr\/v1\/wp-content\/uploads\/2022\/10\/Calisan-Adayi-Aydinlatma-Metni.pdf\">\u00c7al\u0131\u015fan Aday\u0131 Ayd\u0131nlatma Metni<\/a><\/strong><\/p>\n<p><strong><a href=\"https:\/\/taskopru.bel.tr\/v1\/wp-content\/uploads\/2022\/10\/Calisan-Aydinlatma-Metni.pdf\">\u00c7al\u0131\u015fan Ayd\u0131nlatma Metni<\/a><\/strong><\/p>\n<p><strong><a href=\"https:\/\/taskopru.bel.tr\/v1\/wp-content\/uploads\/2022\/10\/Kamera-Aydinlatma-Metni.pdf\">Kamera Ayd\u0131nlatma Metni<\/a><\/strong><\/p>\n<p><strong><a href=\"https:\/\/taskopru.bel.tr\/v1\/wp-content\/uploads\/2022\/10\/Kisisel-Veri-Ihlali-Disiplin-Politikasi.pdf\">Ki\u015fisel Veri \u0130hlali Disiplin Politikas\u0131<\/a><\/strong><\/p>\n<p><strong><a href=\"https:\/\/taskopru.bel.tr\/v1\/wp-content\/uploads\/2022\/10\/KVKK-Basvuru-Formu.pdf\">KVKK Ba\u015fvuru Formu<\/a><\/strong><\/p>\n<p><strong><a href=\"https:\/\/taskopru.bel.tr\/v1\/wp-content\/uploads\/2022\/10\/SIRKET-Kisisel-Verilerin-Islenmesi-ve-Korunmasi-Politikasi.pdf\">Ki\u015fisel Verilerin \u0130\u015flenmesi ve Korunmas\u0131 Politikas\u0131<\/a><\/strong><\/p>\n<p><strong><a href=\"https:\/\/taskopru.bel.tr\/v1\/wp-content\/uploads\/2022\/10\/SIRKET-Genel-Aydinlatma-Metni.pdf\">Genel Ayd\u0131nlatma Metni<\/a><\/strong><\/p>\n<p><strong><a href=\"https:\/\/taskopru.bel.tr\/v1\/wp-content\/uploads\/2022\/10\/SIRKET-Kisisel-Veri-Guvenligi-Politikasi.pdf\">Ki\u015fisel Veri G\u00fcvenli\u011fi Politikas\u0131<\/a><\/strong><\/p>\n<p><strong><a href=\"https:\/\/taskopru.bel.tr\/v1\/wp-content\/uploads\/2022\/10\/SIRKET-Kisisel-Veri-Saklama-Ve-Imha-Politikasi.pdf\">Ki\u015fisel Veri Saklama Ve \u0130mha Politikas\u0131<\/a><\/strong><\/p>\n<p><strong><a href=\"https:\/\/taskopru.bel.tr\/v1\/wp-content\/uploads\/2022\/10\/SIRKET-Ozel-Nitelikli-Kisisel-Verilerin-Islenmesi-ve-Korunmasi-Politikasi.pdf\">\u00d6zel Nitelikli Ki\u015fisel Verilerin \u0130\u015flenmesi ve Korunmas\u0131 Politikas\u0131<\/a><\/strong><\/p>\n<p><strong><a href=\"https:\/\/taskopru.bel.tr\/v1\/wp-content\/uploads\/2022\/10\/Veri-Ihlali-Mudahale-Politikasi.pdf\">Veri \u0130hlali M\u00fcdahale Politikas\u0131<\/a><\/strong><\/p>\n","protected":false},"excerpt":{"rendered":"<p>\u00c7al\u0131\u015fan Aday\u0131 Ayd\u0131nlatma Metni \u00c7al\u0131\u015fan Ayd\u0131nlatma Metni Kamera Ayd\u0131nlatma Metni Ki\u015fisel Veri \u0130hlali Disiplin Politikas\u0131 KVKK Ba\u015fvuru Formu Ki\u015fisel Verilerin \u0130\u015flenmesi ve Korunmas\u0131 Politikas\u0131 Genel Ayd\u0131nlatma Metni Ki\u015fisel Veri G\u00fcvenli\u011fi Politikas\u0131 Ki\u015fisel Veri Saklama Ve \u0130mha Politikas\u0131 \u00d6zel Nitelikli Ki\u015fisel Verilerin \u0130\u015flenmesi ve Korunmas\u0131 Politikas\u0131 Veri \u0130hlali M\u00fcdahale Politikas\u0131<\/p>\n","protected":false},"author":1,"featured_media":0,"parent":0,"menu_order":0,"comment_status":"closed","ping_status":"closed","template":"","meta":{"footnotes":""},"class_list":["post-8821","page","type-page","status-publish"],"_links":{"self":[{"href":"https:\/\/taskopru.bel.tr\/v1\/wp-json\/wp\/v2\/pages\/8821","targetHints":{"allow":["GET"]}}],"collection":[{"href":"https:\/\/taskopru.bel.tr\/v1\/wp-json\/wp\/v2\/pages"}],"about":[{"href":"https:\/\/taskopru.bel.tr\/v1\/wp-json\/wp\/v2\/types\/page"}],"author":[{"embeddable":true,"href":"https:\/\/taskopru.bel.tr\/v1\/wp-json\/wp\/v2\/users\/1"}],"replies":[{"embeddable":true,"href":"https:\/\/taskopru.bel.tr\/v1\/wp-json\/wp\/v2\/comments?post=8821"}],"version-history":[{"count":5,"href":"https:\/\/taskopru.bel.tr\/v1\/wp-json\/wp\/v2\/pages\/8821\/revisions"}],"predecessor-version":[{"id":8845,"href":"https:\/\/taskopru.bel.tr\/v1\/wp-json\/wp\/v2\/pages\/8821\/revisions\/8845"}],"wp:attachment":[{"href":"https:\/\/taskopru.bel.tr\/v1\/wp-json\/wp\/v2\/media?parent=8821"}],"curies":[{"name":"wp","href":"https:\/\/api.w.org\/{rel}","templated":true}]}}