{"id":7374,"date":"2021-11-22T10:05:25","date_gmt":"2021-11-22T07:05:25","guid":{"rendered":"http:\/\/taskopru.bel.tr\/v1\/?page_id=7374"},"modified":"2023-11-10T12:11:17","modified_gmt":"2023-11-10T09:11:17","slug":"banka-hesap-numaralari-2","status":"publish","type":"page","link":"https:\/\/taskopru.bel.tr\/v1\/banka-hesap-numaralari-2\/","title":{"rendered":"Banka Hesap Numaralar\u0131"},"content":{"rendered":"<p style=\"text-align: center;\"><strong>TA\u015eK\u00d6PR\u00dc BELED\u0130YE BA\u015eKANLI\u011eI<br \/>\nBANKA HESAP NUMARALARI<\/strong><\/p>\n<p><strong>DEN\u0130ZBANK TA\u015eK\u00d6PR\u00dc \u015eUBES\u0130<\/strong><\/p>\n<p><strong>TR 7200 1340 0001 1750 4590 0013<\/strong><\/p>\n<p><strong>\u0130\u015e BANKASI TA\u015eK\u00d6PR\u00dc \u015eUBES\u0130<\/strong><\/p>\n<p><strong>TR 0400 0640 0000 1522 0026 2478<\/strong><\/p>\n<p><strong>HALK BANKASI TA\u015eK\u00d6PR\u00dc \u015eUBES\u0130<\/strong><\/p>\n<p><strong>TR 2200 0120 0948 4000 0700 0012<\/strong><\/p>\n<p><strong>Z\u0130RAAT BANKASI TA\u015eK\u00d6PR\u00dc \u015eUBES\u0130<\/strong><\/p>\n<p><strong>TR 3800 0100 0154 0923 2835 5003<\/strong><\/p>\n","protected":false},"excerpt":{"rendered":"<p>TA\u015eK\u00d6PR\u00dc BELED\u0130YE BA\u015eKANLI\u011eI BANKA HESAP NUMARALARI DEN\u0130ZBANK TA\u015eK\u00d6PR\u00dc \u015eUBES\u0130 TR 7200 1340 0001 1750 4590 0013 \u0130\u015e BANKASI TA\u015eK\u00d6PR\u00dc \u015eUBES\u0130 TR 0400 0640 0000 1522 0026 2478 HALK BANKASI TA\u015eK\u00d6PR\u00dc \u015eUBES\u0130 TR 2200 0120 0948 4000 0700 0012 Z\u0130RAAT BANKASI TA\u015eK\u00d6PR\u00dc \u015eUBES\u0130 TR 3800 0100 0154 0923 2835 5003<\/p>\n","protected":false},"author":1,"featured_media":0,"parent":0,"menu_order":0,"comment_status":"closed","ping_status":"closed","template":"","meta":{"footnotes":""},"class_list":["post-7374","page","type-page","status-publish"],"_links":{"self":[{"href":"https:\/\/taskopru.bel.tr\/v1\/wp-json\/wp\/v2\/pages\/7374","targetHints":{"allow":["GET"]}}],"collection":[{"href":"https:\/\/taskopru.bel.tr\/v1\/wp-json\/wp\/v2\/pages"}],"about":[{"href":"https:\/\/taskopru.bel.tr\/v1\/wp-json\/wp\/v2\/types\/page"}],"author":[{"embeddable":true,"href":"https:\/\/taskopru.bel.tr\/v1\/wp-json\/wp\/v2\/users\/1"}],"replies":[{"embeddable":true,"href":"https:\/\/taskopru.bel.tr\/v1\/wp-json\/wp\/v2\/comments?post=7374"}],"version-history":[{"count":5,"href":"https:\/\/taskopru.bel.tr\/v1\/wp-json\/wp\/v2\/pages\/7374\/revisions"}],"predecessor-version":[{"id":9701,"href":"https:\/\/taskopru.bel.tr\/v1\/wp-json\/wp\/v2\/pages\/7374\/revisions\/9701"}],"wp:attachment":[{"href":"https:\/\/taskopru.bel.tr\/v1\/wp-json\/wp\/v2\/media?parent=7374"}],"curies":[{"name":"wp","href":"https:\/\/api.w.org\/{rel}","templated":true}]}}