{"id":2424,"date":"2019-06-14T00:12:40","date_gmt":"2019-06-13T21:12:40","guid":{"rendered":"http:\/\/taskopru.bel.tr\/v1\/?page_id=2424"},"modified":"2025-12-08T09:43:11","modified_gmt":"2025-12-08T06:43:11","slug":"nobetci-eczane","status":"publish","type":"page","link":"https:\/\/taskopru.bel.tr\/v1\/nobetci-eczane\/","title":{"rendered":"N\u00f6bet\u00e7i Eczane"},"content":{"rendered":"<div style=\"margin:auto;text-align:center;width:100&#37;;max-width:400px;\"><a href=\"https:\/\/www.eczaneler.gen.tr\/nobetci-kastamonu-taskopru\" target=\"_blank\"><img decoding=\"async\" data-src=\"https:\/\/www.eczaneler.gen.tr\/resimler\/nobetci-eczane.jpg\" alt=\"Ta\u015fk\u00f6pr\u00fc n\u00f6bet\u00e7i eczaneleri\" style=\"width:100&#37;;border-radius:2px;\" src=\"data:image\/svg+xml;base64,PHN2ZyB3aWR0aD0iMSIgaGVpZ2h0PSIxIiB4bWxucz0iaHR0cDovL3d3dy53My5vcmcvMjAwMC9zdmciPjwvc3ZnPg==\" class=\"lazyload\"><\/a><iframe data-src=\"https:\/\/www.eczaneler.gen.tr\/iframe.php?lokasyon=1666\" name=\"Ta\u015fk\u00f6pr\u00fc n\u00f6bet\u00e7i eczaneleri\" style=\"width:100&#37;;height:240px;border:none;\" src=\"data:image\/svg+xml;base64,PHN2ZyB3aWR0aD0iMSIgaGVpZ2h0PSIxIiB4bWxucz0iaHR0cDovL3d3dy53My5vcmcvMjAwMC9zdmciPjwvc3ZnPg==\" class=\"lazyload\" data-load-mode=\"1\"><\/iframe><\/div>\n","protected":false},"excerpt":{"rendered":"","protected":false},"author":1,"featured_media":0,"parent":0,"menu_order":0,"comment_status":"closed","ping_status":"closed","template":"g1_template_page_full.php","meta":{"footnotes":""},"class_list":["post-2424","page","type-page","status-publish"],"_links":{"self":[{"href":"https:\/\/taskopru.bel.tr\/v1\/wp-json\/wp\/v2\/pages\/2424","targetHints":{"allow":["GET"]}}],"collection":[{"href":"https:\/\/taskopru.bel.tr\/v1\/wp-json\/wp\/v2\/pages"}],"about":[{"href":"https:\/\/taskopru.bel.tr\/v1\/wp-json\/wp\/v2\/types\/page"}],"author":[{"embeddable":true,"href":"https:\/\/taskopru.bel.tr\/v1\/wp-json\/wp\/v2\/users\/1"}],"replies":[{"embeddable":true,"href":"https:\/\/taskopru.bel.tr\/v1\/wp-json\/wp\/v2\/comments?post=2424"}],"version-history":[{"count":8,"href":"https:\/\/taskopru.bel.tr\/v1\/wp-json\/wp\/v2\/pages\/2424\/revisions"}],"predecessor-version":[{"id":14311,"href":"https:\/\/taskopru.bel.tr\/v1\/wp-json\/wp\/v2\/pages\/2424\/revisions\/14311"}],"wp:attachment":[{"href":"https:\/\/taskopru.bel.tr\/v1\/wp-json\/wp\/v2\/media?parent=2424"}],"curies":[{"name":"wp","href":"https:\/\/api.w.org\/{rel}","templated":true}]}}