{"id":2353,"date":"2019-06-13T03:34:28","date_gmt":"2019-06-13T00:34:28","guid":{"rendered":"http:\/\/taskopru.bel.tr\/v1\/?page_id=2353"},"modified":"2019-06-13T23:41:15","modified_gmt":"2019-06-13T20:41:15","slug":"manilerimiz","status":"publish","type":"page","link":"https:\/\/taskopru.bel.tr\/v1\/manilerimiz\/","title":{"rendered":"Manilerimiz"},"content":{"rendered":"<p>Halk Edebiyat\u0131, s\u00f6zl\u00fc edebiyat\u0131n uzant\u0131s\u0131d\u0131r. Halk\u0131n yaratt\u0131\u011f\u0131 s\u00f6zl\u00fc eserlerden olu\u015fur. Dil, bi\u00e7im, konular bak\u0131m\u0131ndan halk k\u00fclt\u00fcr\u00fcne s\u0131k\u0131 s\u0131k\u0131ya ba\u011fl\u0131d\u0131r.<br \/>\nS\u00fcsl\u00fc s\u00f6yleyi\u015fe y\u00f6neli\u015f yoktur. Genellikle yal\u0131n anlat\u0131m kullan\u0131l\u0131r. Maniler halk edebiyat\u0131n\u0131n \u00f6nemli bir b\u00f6l\u00fcm\u00fcn\u00fc olu\u015fturur. Maniler, anonim lirik \u015fiirlerdir. Ana temas\u0131 sevgidir. \u00d6zellikle kad\u0131nlar aras\u0131nda, i\u015f s\u0131ras\u0131nda, e\u011flencelerde veya \u00e7e\u015fitli vesilelerle maniler s\u00f6ylenir. Kendir, pancar, sar\u0131msak tarlalar\u0131nda, bostanda, \u201cgazma gazarken\u201d hem i\u015fi kolayla\u015ft\u0131rma, hem vakit ge\u00e7irme, \u00e7al\u0131\u015f\u0131rken e\u011flenme amac\u0131yla s\u00f6ylenir. K\u0131na gecelerinde gelin a\u011flatmak i\u00e7in s\u00f6ylenir. S\u00f6zl\u00fck kar\u015f\u0131l\u0131\u011f\u0131 d\u00f6rt dizeli ve kendine \u00f6zg\u00fc makamlar\u0131 olan manzumelerdir. S\u00f6yleyenleri bilinmez, anonimdir.<br \/>\nT\u00fcrk toplum ya\u015fant\u0131s\u0131n\u0131n tam bir anlam\u0131 say\u0131lan maniler \u0130slamiyet\u2019ten \u00f6nceki T\u00fcrk Edebiyat\u0131ndan g\u00fcn\u00fcm\u00fcze kadar yolculu\u011funu s\u00fcrd\u00fcrmektedir.<br \/>\nMani s\u00f6zc\u00fc\u011f\u00fcn\u00fcn k\u00f6keni Dede Korkut hikayelerine, Yunus Emre\u2019ye kadar inmektedir. Mani y\u00f6remizde k\u00f6ylerimizin velveleden uzak, sakin, \u0131ss\u0131z muhitlerinde, ye\u015fil da\u011flar\u0131nda, \u0131rmak kenarlar\u0131ndaki tarlalarda, kad\u0131nlar\u0131m\u0131z\u0131n ve gen\u00e7 k\u0131zlar\u0131m\u0131z\u0131n, ince yan\u0131k sesleriyle s\u00f6yledikleri, duygu d\u00fcnyalar\u0131na ait \u00f6nemli ipu\u00e7lar\u0131 verir.<br \/>\nMani Anadolu insan\u0131n\u0131n seveni sevilenidir. Sevinci, \u00fcz\u00fcnt\u00fcs\u00fc ve duygusudur.<\/p>\n<p>Y\u00f6remizden Mani \u00d6rnekleri<\/p>\n<p>Sa\u00e7aklarda gezerim<br \/>\nYa\u015f kiremit ezerim<br \/>\nSizin gibi maniciyi<br \/>\nU\u00e7kuruma dizerim Sar\u0131 saman tozarm\u0131\u015f<br \/>\nMor menev\u015fe morarm\u0131\u015f<br \/>\nBozarmut\u2019un \u00e7\u0131ras\u0131<br \/>\nGece g\u00fcnd\u00fcz yanarm\u0131\u015f \u00c7ay ta\u015f\u0131 \u00e7akmak ta\u015f\u0131<br \/>\n\u00c7at\u0131kt\u0131r yarin ka\u015f\u0131<br \/>\n\u00c7irkinle vakit ge\u00e7mez<br \/>\nG\u00fczelle s\u0131rt\u0131nda ta\u015f ta\u015f\u0131<\/p>\n<p>Tarlaya taban dirle<br \/>\nOk\u00e7aya saban dirle<br \/>\nNe kadar sallansan<br \/>\nGine sana \u00e7oban dirle Kamyon gelir yayladan<br \/>\nTekerleri aynadan<br \/>\nK\u0131z paras\u0131 de\u011fil mi<br \/>\nMuhtarlar\u0131 oynatan Sar\u0131 \u00e7am\u0131n g\u00f6lgesi<br \/>\nF\u0131nd\u0131k sepet \u00f6rmesi<br \/>\nBiraz gaba gonu\u015fu<br \/>\nKayadibi b\u00f6lgesi<\/p>\n<p>Yemenim al \u00fcst\u00fcne<br \/>\nOrtas\u0131 dal \u00fcst\u00fcne<br \/>\nA\u011fam senin yarin k\u00f6t\u00fc<br \/>\nBeni de al \u00fcst\u00fcne Yemenim yele yele<br \/>\nAtt\u0131lar gurbet ele<br \/>\nG\u00f6z ya\u015f\u0131 sile sile<br \/>\nYedi mendil \u00e7\u00fcr\u00fctt\u00fcm \u00c7ay ta\u015f\u0131 \u00e7akmak ta\u015f\u0131<br \/>\n\u00c7at\u0131kt\u0131r yarin ka\u015f\u0131<br \/>\n\u00c7irkinle vakit ge\u00e7mez<br \/>\nG\u00fczelle s\u0131rt\u0131nda ta\u015f ta\u015f\u0131<\/p>\n<p>\u0130limonum kalburda<br \/>\n\u00c7ok \u015feyler var sab\u0131rda<br \/>\n\u0130kimiz bir \u00f6lelim<br \/>\n\u00c7ift yatal\u0131m kabirde Kaynanam karabiber<br \/>\nKaynatam ondan beter<br \/>\nK\u0131zlar\u0131 bana yeter<br \/>\nAllah ikisini de als\u0131n Manici ba\u015f\u0131m\u0131s\u0131n<br \/>\nCevahir ta\u015f\u0131m\u0131s\u0131n<br \/>\nSana bir mani s\u00f6yl\u00fcyon<br \/>\nCebinde ta\u015f\u0131rm\u0131s\u0131n<\/p>\n<p>Entarisi mor d\u00fc\u011fme<br \/>\nGine d\u00fc\u015ft\u00fcn g\u00f6nl\u00fcme<br \/>\nHa\u00e7an akl\u0131ma gelsen<br \/>\nKan damlar y\u00fcre\u011fime Kar\u015f\u0131da kara y\u0131lan<br \/>\nG\u00f6zleri civan civan<br \/>\nS\u00fcr\u00fcns\u00fcn divan divan<br \/>\nBizi yardan ay\u0131ran Hay huluma huluma<br \/>\nBekmez koydum tuluma<br \/>\nS\u00f6ylersen mani s\u00f6yle<br \/>\nK\u00f6pek gibi uluma<\/p>\n<p>Benim a\u011fam pek g\u00fczel<br \/>\nS\u0131nur \u00fcst\u00fcnde gezer<br \/>\nEydirmi\u015f \u015fapkas\u0131n\u0131<br \/>\nD\u00fc\u015fman ba\u011fr\u0131n\u0131 ezer Kar\u015f\u0131dan gelen atl\u0131<br \/>\n\u00dcst\u00fcnde doru otu<br \/>\n\u00c7ar\u015f\u0131ya gidersen<br \/>\n\u00dcz\u00fcm lebleb\u00fc get\u00fc Ak\u015fam oldu neydiyin<br \/>\nKaba d\u00f6\u015fek eyleyin<br \/>\nKaba d\u00f6\u015fek be\u015f kar\u0131\u015f<br \/>\n\u0130\u00e7i yars\u0131z neyleyin<\/p>\n<p>Keten g\u00f6mlek dizdedir<br \/>\nKesme kak\u00fcl y\u00fczdedir<br \/>\nAnalar k\u0131z besliyor<br \/>\nAnahtar\u0131 bizdedir Keten g\u00f6mlek d\u00f6rt kat<br \/>\n\u0130kisin giy ,ikisin sat<br \/>\nBa\u015fkas\u0131n\u0131 seversen<br \/>\nKalkmaz d\u00f6\u015feklere yat Kar\u015f\u0131dan gelenim yok<br \/>\nAl yelek giyenim yok<br \/>\nOn y\u0131ll\u0131k yoldan gelsem<br \/>\nHo\u015f geldin diyenim yok<\/p>\n<p>Entarisi ekleme<br \/>\nS\u0131k\u0131ca ilikleme<br \/>\nBenden sana fayda yok<br \/>\nBo\u015f kap\u0131y\u0131 bekleme Entarisi budama<br \/>\nSefa geldin odama<br \/>\nE\u011fer beni seversen<br \/>\nD\u00fcn\u00fcr yolla babama Entarisi ak gibi<br \/>\nSuya gider ok gibi<br \/>\nHi\u00e7 ard\u0131na bakm\u0131yor<br \/>\nYavuklusu yok gibi<\/p>\n<p>Entarisi ilmeden<br \/>\nS\u00f6ylemez g\u00fclmeden<br \/>\nK\u0131z sen beni delirttin<br \/>\nOn be\u015fime girmeden Kaleden a\u015fan gelin<br \/>\nAl ye\u015fil ku\u015fan gelin<br \/>\nKocan k\u00f6t\u00fc sen g\u00fczel<br \/>\nGayret et bo\u015fan gelin Benim a\u011fam pek g\u00fczel<br \/>\nS\u0131nur \u00fcst\u00fcnde gezer<br \/>\nEydirmi\u015f \u015fapkas\u0131n\u0131<br \/>\nD\u00fc\u015fman ba\u011fr\u0131n\u0131 ezer<\/p>\n<p>Gine giyinmi\u015f g\u00f6k donu<br \/>\nGidiyor \u00e7aya a\u015fa\u011f\u0131<br \/>\nA g\u00f6z\u00fc k\u00f6r olas\u0131<br \/>\nKocan kimden a\u015fa\u011f\u0131 Kar\u015f\u0131dan gelen atl\u0131<br \/>\n\u00dcst\u00fcnde doru otu<br \/>\n\u00c7ar\u015f\u0131ya gidersen<br \/>\n\u00dcz\u00fcm lebleb\u00fc get\u00fc Ak pur\u00e7ak kara pur\u00e7ak<br \/>\nBubam t\u00fckan a\u00e7acak<br \/>\nEvlenmeyin bekarlar<br \/>\nNaylon k\u0131zlar \u00e7\u0131kacak<\/p>\n<p>Entarisi al basma<br \/>\nAl\u0131p duvara asma<br \/>\nAlacaksan al beni<br \/>\nHer lafa kulak asma \u00c7orab\u0131n\u0131 \u00f6rd\u00fc\u011f\u00fcm<br \/>\nDel\u00fc\u011f\u00fcnden g\u00f6rd\u00fc\u011f\u00fcm<br \/>\nHasta diye i\u015fittim<br \/>\n\u0130yi oldu\u011funu sevdi\u011fim Mani maniye kelam<br \/>\nBenden a\u011fama selam<br \/>\nDar\u0131lmas\u0131n k\u00fcsmesin<br \/>\nK\u0131smet olursa kelam<\/p>\n<p>Kar\u015f\u0131dan gelenlere<br \/>\nGaz doldur fenerlere<br \/>\nBabam beni virecek<br \/>\nAskerden gelenlere \u00c7ay benim \u00e7e\u015fme benim<br \/>\nArd\u0131ma d\u00fc\u015fme benim<br \/>\nBen senle dalga ge\u00e7tim<br \/>\nSevdi\u011fim ba\u015fka benim<\/p>\n<p>GEL\u0130N KAYNANA ATI\u015eMASI<br \/>\nKaynana Gelin<br \/>\nGay\u0131nnay\u0131n bakar\u0131m<br \/>\nG\u0131z g\u00f6rmeye \u00e7\u0131kar\u0131n<br \/>\nE\u011fer g\u0131z\u0131 be\u011fen\u00fcsem<br \/>\n\u0130ki be\u015fl\u00fc dakar\u0131n Her \u015feyi yapars\u0131n gaynana<br \/>\nBe\u015fl\u00fc dakars\u0131n gaynana<br \/>\nDaha g\u0131rk\u0131m \u00e7\u0131kmadan<br \/>\nBa\u015f\u0131ma kakars\u0131n ganyana<\/p>\n<p>Seni evden atdurun<br \/>\nSana bi dayak atdurun<br \/>\nAk\u015fama o\u011flun gelince<br \/>\nAltunlar\u0131 satdurun O\u011flun bensiz yatamaz<br \/>\nAltunlar\u0131 satamaz<br \/>\nBen o\u011flunu gandudum<br \/>\nBa\u00f1a dayak atamaz<\/p>\n<p>Durarken bile bile<br \/>\nDenize dalmazd\u0131m<br \/>\nSenin gibi gelini<br \/>\n\u00d6lsem almazd\u0131m Bileydim k\u00f6y\u00fcmde<br \/>\nVar\u0131rd\u0131m kocaya<br \/>\nGelmezdim pe\u015fkiri<br \/>\n\u00c7ok evlere kocaya<\/p>\n<p>Seni d\u00fczenci seni<br \/>\nHani seviyodu\u00f1 beni<br \/>\nDilini dut gelin han\u0131m<br \/>\nBu evde goman seni Evinin \u00f6n\u00fcnde ar\u0131<br \/>\nEntere giymi\u015f sar\u0131<br \/>\nPa\u00e7as\u0131 boklu gar\u0131<br \/>\nSen beni evde goma<\/p>\n<p>Her \u015feye kar\u0131\u015ft\u0131 elin<br \/>\nBenimde durmad\u0131 dilim<br \/>\nHakk\u0131m\u0131 helal ettim<br \/>\nK\u0131z\u0131mdan tatl\u0131 gelin Tatl\u0131 s\u00f6yle s\u00f6z\u00fcn\u00fc<br \/>\nSat evdeki k\u0131z\u0131n\u0131<br \/>\nKar\u0131\u015fmazsan i\u015fime<br \/>\n\u00d6perim g\u00fcl y\u00fcz\u00fcn\u00fc<br \/>\nK\u00f6pek gibi \u00fcr\u00fcyon<br \/>\nA g\u0131z ne i\u015f g\u00f6r\u00fcyon<br \/>\nEt ekme\u011fi olunca<br \/>\nGalem gibi d\u00fcr\u00fcyo\u00f1<\/p>\n<p>Manici ba\u015f\u0131 m\u0131s\u0131n<br \/>\nCevahir ta\u015f\u0131m\u0131s\u0131n<br \/>\nSana bir mani s\u00f6yl\u00fcyorum<br \/>\nCebinde ta\u015f\u0131rm\u0131s\u0131n<\/p>\n<p>Maniyi ba\u015ftan s\u00f6yle<br \/>\nKalemi ka\u015ftan s\u00f6yle<br \/>\nKarn\u0131n a\u00e7l\u0131\u011f\u0131n\u0131<br \/>\nEkmekten a\u015ftan s\u00f6yle<\/p>\n<p>Ak\u015fam\u0131n ar sesine<br \/>\nUyand\u0131m yar sesine<br \/>\nYarim \u015fahin ben do\u011fan<br \/>\nKonayd\u0131m ensesine<\/p>\n<p>Ak\u015fam oldu varamam<br \/>\nDile destan olamam<br \/>\nG\u00fcn buluta girince<br \/>\nBir dakika duramam<\/p>\n<p>Ak\u015famlar\u0131 olmasayd\u0131<br \/>\nBadeler solmasayd\u0131<br \/>\n\u00d6l\u00fcm allah\u0131n emri<br \/>\nAyr\u0131l\u0131k olmasayd\u0131<\/p>\n<p>Ak\u015fam oldu neydiyin<br \/>\nKaba d\u00f6\u015fek eyleyin<br \/>\nKaba d\u00f6\u015fek be\u015f kar\u0131\u015f<br \/>\n\u0130\u00e7i yars\u0131z neyleyin<\/p>\n<p>\u00d6\u011flen g\u00fcne\u015fi de\u011fil<br \/>\nAdam ile\u015fi de\u011fil<br \/>\nSevip sevip ayr\u0131lmak<br \/>\n\u0130slam\u0131n i\u015fi de\u011fil<\/p>\n<p>Sa\u00e7aklarda gezerim<br \/>\nYa\u015f kiremit ezerim<br \/>\nSizin gibi maniciyi<br \/>\nU\u00e7kuruma dizerim<\/p>\n<p>Hay huluma huluma<br \/>\nBekmez koydum tuluma<br \/>\nS\u00f6ylersen mani s\u00f6yle<br \/>\nK\u00f6pek gibi uluma<\/p>\n<p>Evimizin alt\u0131 \u00e7ay<br \/>\nBizim pe\u015fk\u00fcrle yunmayal\u0131<br \/>\nTahminen oldu alt\u0131 ay<br \/>\nA gelin inanmasan bide sen say<\/p>\n<p>Deniz olsan dalmazd\u0131m<br \/>\nSenin gibi gelini almazd\u0131m<\/p>\n<p>Agelin sen bu pe\u015fg\u00fcr\u00fc vir\u00fcsen ele<br \/>\nA ninem ben onun golay\u0131n\u0131 biliyon<br \/>\nSavu\u015fuvir\u00fcn \u00f6te eve<\/p>\n<p>Agelin sen bunu bana didin<br \/>\nBirine daha dime<\/p>\n<p>A ninem senin g\u0131z\u0131n<br \/>\nHi\u00e7 g\u00f6rm\u00fcyor i\u015fi<br \/>\nBe\u011fenmiyo olu olmaz a\u015f\u0131<br \/>\n\u0130\u015fallah \u00f6l\u00fcrsen y\u0131\u011far\u0131m<br \/>\nMezar\u0131na da\u015f\u0131<\/p>\n<p>A ninem senin g\u0131z\u0131n<br \/>\nHi\u00e7 s\u00fcp\u00fcrm\u00fcyor g\u00fcb\u00fcr<br \/>\nOcak ba\u015f\u0131na oturunca<br \/>\nOluyo bir m\u00fcd\u00fcr<br \/>\n\u0130\u015fallah merdimandan<br \/>\nYuvalanu pald\u0131r k\u00fcld\u00fcr<\/p>\n<p>A gelin sen bu kirli pe\u015fg\u00fcr\u00fc<br \/>\nNas\u0131 duvara asars\u0131n<br \/>\nDaday ibisi gibi<br \/>\nYokardan yokardan basars\u0131n<br \/>\nGelin pe\u015fg\u00fcr vi diyince<br \/>\nMalak temekten bakar gibi bakars\u0131n<\/p>\n<p>A ninem senin t\u00fcl\u00fcmen o\u011flun<br \/>\nBeni hi\u00e7 d\u00f6\u011fmedi<br \/>\nD\u00f6\u011f\u00fcpde bi yan\u0131m\u0131 g\u0131rmad\u0131<br \/>\nAk\u015fam eve gelince<br \/>\nNe yapt\u0131n diyi sormad\u0131<\/p>\n<p>Evimizin alt\u0131 p\u00f6l\u00fct<br \/>\nA ninem dolaplara vurdun kilit<br \/>\n\u0130\u015fallah \u00f6l\u00fcrsen<br \/>\nS\u00fcrerim tenine ilif. Yedi\u011fime kar\u0131\u015fma<br \/>\nHasta olu \u015fi\u015fersin<br \/>\n\u0130n\u015fallah azg\u0131n gar\u0131<br \/>\nSen elime d\u00fc\u015fersin<\/p>\n<p>Ah bu gay\u0131nnalar\u0131n<br \/>\nHi\u00e7 erilmez fendine<br \/>\n\u0130yi s\u00f6yle a gar\u0131<br \/>\nK\u00f6t\u00fc s\u00f6yletme kendine<\/p>\n<p>Ya\u011f\u0131 \u015fekeri pirinci<br \/>\nKilitte durdurursun<br \/>\nB\u00f6yle gay\u0131nnalar\u0131n<br \/>\nAllah huyu gurusun<\/p>\n<p>Eve misafir gelince<br \/>\nNeydece\u011fimi \u015fa\u015furun<br \/>\nGay\u0131nnam\u0131n y\u00fcz\u00fcnden<br \/>\nYa\u011fsuz hamur bi\u015f\u00fcr\u00fcn<\/p>\n<p>Gelme benim odama<br \/>\nKar\u0131\u015fma benim modama<br \/>\nSa\u00e7lar\u0131n\u0131 yolar\u0131m<br \/>\nG\u00f6z\u00fck\u00fcr\u00fcn adama<\/p>\n<p>YILANLI HAMAM*<br \/>\nKastamonu ilimizin Akkaya merkez buca\u011f\u0131n\u0131n Sipahi k\u00f6y\u00fc ile Ta\u015fk\u00f6pr\u00fc il\u00e7esine ba\u011fl\u0131 Kese k\u00f6y\u00fcn\u00fcn aras\u0131nda \u015fifal\u0131 sular\u0131 ile tan\u0131nan \u015fifal\u0131 kapl\u0131calar vard\u0131r; ad\u0131na Yabanabad Kapl\u0131calar\u0131 denilir. Halk ise bu kapl\u0131calara Y\u0131lanl\u0131 Hamam ad\u0131n\u0131 vermi\u015ftir. Bu ad\u0131n verili\u015finin \u015f\u00f6yle bir hikayesi vard\u0131r:<br \/>\nVaktiyle bu kapl\u0131calar\u0131n yerinde k\u00fc\u00e7\u00fck bir kaynak varm\u0131\u015f.Bir g\u00fcn,ilerideki tepenin alt\u0131nda bulunan yat\u0131r mezarlar\u0131n\u0131n yan\u0131ndan uyuz bir kurt gelir. Bu kurdun v\u00fccudunda bir tek k\u0131l kalmam\u0131\u015f.Kurt kayna\u011fa yaslan\u0131r,sa\u011fa sola d\u00f6nmeye ba\u015flar.Daha sonra birka\u00e7 kurt daha bu i\u015fe devam eder. Zamanla kayna\u011f\u0131n yerinde bir g\u00f6l meydana gelir. Di\u011fer taraftan da kurtlar yava\u015f yava\u015f iyile\u015fiyor,t\u00fcyleri bitmeye ba\u015fl\u0131yor.Bir g\u00fcn geliyor ki kurtlar\u0131n ipek gibi t\u00fcyleri oluyor. Art\u0131k kurtlar buraya gelmez olurlar. Bu kurtlar\u0131n buraya geldiklerini Sipahi K\u00f6y\u00fcnden kel bir k\u0131z g\u00f6r\u00fcr. Bu kel k\u0131z da, kurtlar gibi g\u00fcnlerce bu suda yuvarlan\u0131r, ba\u015f\u0131n\u0131 y\u0131kar onun da ipek gibi sa\u00e7lar\u0131 \u00e7\u0131kar. Bu hadiseler i\u015fitilince eski kayna\u011f\u0131n yerine bir hamam yaparlar. \u00c7evre k\u00f6ylerin halk\u0131 gelip y\u0131kan\u0131r. Gelenlerden hi\u00e7bir \u00fccret al\u0131nmaz. Fakat bir zaman sonra buras\u0131n\u0131n paral\u0131 olmas\u0131n\u0131 isterler ve baz\u0131lar\u0131ndan para al\u0131rlar. Bir sabah gelirler ki kap\u0131da b\u00fcy\u00fck bir y\u0131lan, kimseyi i\u00e7eriye alm\u0131yor. Derhal para almaktan vazge\u00e7erler, y\u0131lan da bir daha gelmez olur.<br \/>\nEfsaneyi anlatan ya\u015fl\u0131 kad\u0131n, kayna\u011fa ilk gelen kurt i\u00e7in \u201cPeygamberlerdendi\u201d demek suretiyle, \u00e7evre halk\u0131n\u0131n kurda izafe ettikleri sayg\u0131y\u0131 belirtmektedir.<br \/>\n*ESER: 101 ANADOLU EFSANES\u0130 \/ YAZAR: Prof. Dr. Saim SAKO\u011eLU<br \/>\nMani mani mezerler<br \/>\nMani s\u00f6yleyen g\u00fczeller<br \/>\nMani s\u00f6ylemek bir \u015fey de\u011fil<br \/>\nOda bir g\u00f6n\u00fcl eyler<\/p>\n<p>Kaynanay\u0131 ne yapmalu<br \/>\nMerdimandan atmalu<br \/>\nTak\u0131r tak\u0131r giderken<br \/>\nSeyrine bakmalu<\/p>\n<p>Mehmet a\u011fam naz a\u011fam<br \/>\nGir bah\u00e7ede gez a\u011fam<br \/>\nBen mani s\u00f6yleyin<br \/>\nSen deftere yaz a\u011fam<\/p>\n<p>Tarlaya taban dirle<br \/>\nOk\u00e7aya saban dirle<br \/>\nNe kadar sallansan<br \/>\nGine sana \u00e7oban dirle Sar\u0131 saman tozarm\u0131\u015f<br \/>\nMor menek\u015fe morarm\u0131\u015f<br \/>\nBozarmutun \u00e7\u0131ras\u0131<br \/>\nGece g\u00fcnd\u00fcz yanarm\u0131\u015f<\/p>\n<p>Da\u011flar\u0131m y\u00fcksek y\u00fcksek<br \/>\nKartal olup u\u00e7da gel<br \/>\nU\u011furum b\u00f6cek oldu<br \/>\n\u00c7i\u00e7ek olup a\u00e7da gel<\/p>\n<p>K\u0131y\u0131pta katlamad\u0131m<br \/>\nKayadan atlamad\u0131m<br \/>\nAhlat\u0131 toplamad\u0131m<br \/>\nYarim mendil g\u00f6ndermi\u015f<br \/>\nKAYGUNCA S\u00d6K\u00dc \u00c7EVRES\u0130 MAN\u0130LER<br \/>\nYukar\u0131 evin penceresi<br \/>\nA\u015fa\u011f\u0131 evin penceresi<br \/>\nNe geziyon buralarda ?<br \/>\nS\u00f6k\u00fcn\u00fcn bula\u015fuk tenciresi<\/p>\n<p>Ak tavuk olmad\u0131n m\u0131?<br \/>\nDallara konmad\u0131n m\u0131?<br \/>\nA edal\u0131 gay\u0131nnam<br \/>\nSen gelin olmad\u0131n m\u0131?<\/p>\n<p>Sa\u00e7ak sa\u00e7ak gezerin<br \/>\nYa\u015f kiremiti ezerin<br \/>\nSenin gibi gelini<br \/>\n\u0130nce ipe dizerin<\/p>\n<p>&nbsp;<\/p>\n<p>D\u00dcZDA\u011e B\u00d6LGES\u0130 ( Bozarmut,Karaburun, Kayadibi, Boyal\u0131)<\/p>\n","protected":false},"excerpt":{"rendered":"<p>Halk Edebiyat\u0131, s\u00f6zl\u00fc edebiyat\u0131n uzant\u0131s\u0131d\u0131r. Halk\u0131n yaratt\u0131\u011f\u0131 s\u00f6zl\u00fc eserlerden olu\u015fur. Dil, bi\u00e7im, konular bak\u0131m\u0131ndan halk k\u00fclt\u00fcr\u00fcne s\u0131k\u0131 s\u0131k\u0131ya ba\u011fl\u0131d\u0131r. S\u00fcsl\u00fc s\u00f6yleyi\u015fe y\u00f6neli\u015f yoktur. Genellikle yal\u0131n anlat\u0131m kullan\u0131l\u0131r. Maniler halk edebiyat\u0131n\u0131n \u00f6nemli bir b\u00f6l\u00fcm\u00fcn\u00fc olu\u015fturur. Maniler, anonim lirik \u015fiirlerdir. Ana temas\u0131 sevgidir. \u00d6zellikle kad\u0131nlar aras\u0131nda, i\u015f s\u0131ras\u0131nda, e\u011flencelerde veya \u00e7e\u015fitli vesilelerle maniler s\u00f6ylenir. Kendir, pancar, sar\u0131msak [&hellip;]<\/p>\n","protected":false},"author":1,"featured_media":0,"parent":0,"menu_order":0,"comment_status":"closed","ping_status":"closed","template":"g1_template_page_sidebar_right.php","meta":{"footnotes":""},"class_list":["post-2353","page","type-page","status-publish"],"_links":{"self":[{"href":"https:\/\/taskopru.bel.tr\/v1\/wp-json\/wp\/v2\/pages\/2353","targetHints":{"allow":["GET"]}}],"collection":[{"href":"https:\/\/taskopru.bel.tr\/v1\/wp-json\/wp\/v2\/pages"}],"about":[{"href":"https:\/\/taskopru.bel.tr\/v1\/wp-json\/wp\/v2\/types\/page"}],"author":[{"embeddable":true,"href":"https:\/\/taskopru.bel.tr\/v1\/wp-json\/wp\/v2\/users\/1"}],"replies":[{"embeddable":true,"href":"https:\/\/taskopru.bel.tr\/v1\/wp-json\/wp\/v2\/comments?post=2353"}],"version-history":[{"count":2,"href":"https:\/\/taskopru.bel.tr\/v1\/wp-json\/wp\/v2\/pages\/2353\/revisions"}],"predecessor-version":[{"id":2419,"href":"https:\/\/taskopru.bel.tr\/v1\/wp-json\/wp\/v2\/pages\/2353\/revisions\/2419"}],"wp:attachment":[{"href":"https:\/\/taskopru.bel.tr\/v1\/wp-json\/wp\/v2\/media?parent=2353"}],"curies":[{"name":"wp","href":"https:\/\/api.w.org\/{rel}","templated":true}]}}