{"id":2349,"date":"2019-06-13T03:34:01","date_gmt":"2019-06-13T00:34:01","guid":{"rendered":"http:\/\/taskopru.bel.tr\/v1\/?page_id=2349"},"modified":"2019-06-13T23:39:46","modified_gmt":"2019-06-13T20:39:46","slug":"halk-turkuleri","status":"publish","type":"page","link":"https:\/\/taskopru.bel.tr\/v1\/halk-turkuleri\/","title":{"rendered":"Halk T\u00fcrk\u00fcleri"},"content":{"rendered":"<p>IRMAK KENARINDAN GEL\u00dcR GE\u00c7ERS\u00dcN<br \/>\nDerleyen: S\u00fcleyman \u015eENEL 1983<\/p>\n<p>Irmak kenar\u0131ndan gelir ge\u00e7ersin<br \/>\nSa\u011furu sa\u011furu t\u00fct\u00fcn i\u00e7ersin,<br \/>\nNe beni al\u0131rs\u0131n ne vazge\u00e7ersin,<br \/>\nYand\u0131m aman yand\u0131m, yandan bakana,<br \/>\nCan\u0131m kurban olsun c\u0131garam\u0131 yakana.<\/p>\n<p>Irmak kenar\u0131ndan geldim de ge\u00e7tim,<br \/>\nBoyumu boyuna \u00f6l\u00e7t\u00fcm de ge\u00e7tim,<br \/>\nG\u00fczel seni g\u00fczel diye se\u00e7tim de ge\u00e7tim,<br \/>\nYand\u0131m aman yand\u0131m, k\u0131nal\u0131 da\u011flar,<br \/>\n\u0130ki eli koynunda bir gelin a\u011flar.<\/p>\n<p>Irmak kenar\u0131nda testin mi vard\u0131?<br \/>\nBeni \u00f6ld\u00fcrmeye kast\u0131n m\u0131 vard\u0131?<br \/>\nYar benden habersiz dostun mu vard\u0131?<br \/>\nYand\u0131m Allah yand\u0131m yand\u0131rma beni,<br \/>\nYalan s\u00f6yleyip te kand\u0131rma beni.<\/p>\n<p>ORMANCI<br \/>\nTa\u015fk\u00f6pr\u00fc\u2019n\u00fcn Ak\u00e7akese k\u00f6y\u00fcnde ya\u015fanm\u0131\u015f olay\u0131 anlatan bir t\u00fcrk\u00fcd\u00fcr. Anlat\u0131lan hikayesi:<br \/>\nK\u00f6ye tayin olan ormanc\u0131 evli barkl\u0131 bir adamd\u0131r.Birlikte ya\u015famaya ba\u015flad\u0131\u011f\u0131 k\u00f6yl\u00fclerle ters d\u00fc\u015ft\u00fc\u011f\u00fc anlar olsa da yinede iyi kom\u015fuluklar\u0131 da vard\u0131r.B\u00fct\u00fcn orman k\u00f6ylerinde oldu\u011fu gibi Ak\u00e7akese insan\u0131 da yakaca\u011f\u0131n\u0131 ormandan temin etmektedir.Buna benzer sebeplerle k\u00f6yl\u00fc ile ormanc\u0131 aras\u0131nda ufak tefek s\u00fcrt\u00fc\u015fmeler de ya\u015fanmaktad\u0131r.<br \/>\nZamanla k\u00f6y\u00fc ve k\u00f6yl\u00fcy\u00fc iyice tan\u0131yan ormanc\u0131 k\u00f6y\u00fcn gen\u00e7 k\u0131zlar\u0131ndan birini kand\u0131r\u0131r ve onunla bir g\u00f6n\u00fcl ili\u015fkisine girer.Gizli gizli de olsa bulu\u015fmaya ba\u015flarlar.K\u0131sa zamanda k\u00f6yl\u00fcler bu ili\u015fkinin fark\u0131na var\u0131rlar.Bu durum k\u00f6yl\u00fcn\u00fcn ho\u015funa gitmez ve ormanc\u0131y\u0131 ikaz ederler.Ormanc\u0131 kimseyi dinlemez ve gen\u00e7 k\u0131zla g\u00f6r\u00fc\u015fmeye devam eder.<br \/>\nK\u0131z\u0131n akrabalar\u0131 da olay\u0131 duyunca evli bir adam\u0131n k\u0131zlar\u0131yla ili\u015fkiye girmesini hazmedemezler ve ormanc\u0131y\u0131 \u00f6ld\u00fcrmek amac\u0131yla vururlar.Fakat ormanc\u0131 yaral\u0131 olarak kurtulur.Ailesini de yan\u0131na alarak k\u00f6yden ka\u00e7ar.<br \/>\nBu olay t\u00fcrk\u00fcye konu olmu\u015f ve d\u00fc\u011f\u00fcnlerde, e\u011flencelerde s\u00f6ylenir hale gelmi\u015ftir.<\/p>\n<p>Sabah g\u00fcne\u015fi do\u011fmu\u015f<br \/>\n\u00c7ay ba\u015f\u0131n\u0131n ba\u015f\u0131na<br \/>\nBir heybe saman tak\u0131n<br \/>\nOrmanc\u0131n\u0131n at\u0131na<br \/>\nAman ormanc\u0131, can\u0131m ormanc\u0131.<br \/>\nK\u00f6y\u00fcm\u00fcze b\u0131rakt\u0131n yoktan bir ac\u0131.<\/p>\n<p>At ba\u011flad\u0131m belmeye<br \/>\nYine mi geldin g\u00f6rmeye<br \/>\nNe y\u00fcz\u00fcn var ormanc\u0131<br \/>\nBizim k\u00f6ye gelmeye.<br \/>\nNakarat.<\/p>\n<p>\u0130ki tabak makarna<br \/>\n\u015eu kar\u015f\u0131dan bakarla<br \/>\nDemedim mi ormanc\u0131<br \/>\nSana t\u00fcrk\u00fc yakarla.<br \/>\nNakarat.<\/p>\n<p>T\u00fcrk\u00fcn\u00fcn ayn\u0131 isimle oynanan bir de oyunu vard\u0131r ve t\u00fcrk\u00fc bu oyundan derlenmi\u015ftir.<\/p>\n<p>DANACI<br \/>\nTa\u015fk\u00f6pr\u00fc civar\u0131nda namlanm\u0131\u015f bir pehlivan\u0131n hikayesidir.Tuttu\u011funu deviren bir g\u00fcre\u015f\u00e7idir Danac\u0131.Ad\u0131n\u0131n Danac\u0131 olmas\u0131n\u0131n nedeni bilinmemektedir.Danac\u0131 ayn\u0131 zamanda iyi bir cabac\u0131d\u0131r.Kendi yapt\u0131\u011f\u0131 cabalar\u0131 at\u0131na y\u00fckler ve satmak amac\u0131yla yola koyulur.Ta\u015fk\u00f6pr\u00fc\u2019 y\u00fc ge\u00e7ince bir davul-zurna sesi duyar ve o y\u00f6ne do\u011fru gider.Gitti\u011fi yerde bir d\u00fc\u011f\u00fcn vard\u0131r ve d\u00fc\u011f\u00fcnde g\u00fcre\u015fler de yap\u0131lmaktad\u0131r.Heyecanla g\u00fcre\u015flerin yap\u0131ld\u0131\u011f\u0131 yere gider ve kendisi de g\u00fcre\u015flere kat\u0131l\u0131r.<br \/>\nDeste boydan ba\u015flayarak b\u00fct\u00fcn boylarda rakiplerini yener ve ba\u015fa g\u00fcre\u015fmeye kadar y\u00fckselir.Fakat ba\u015fa g\u00fcre\u015fece\u011fi rakibi iri yar\u0131 , \u00e7ok g\u00fc\u00e7l\u00fc bir adamd\u0131r.O ana kadar \u00fcst\u00fcndeki pantolonu ile g\u00fcre\u015fen Danac\u0131 ba\u015fa g\u00fcre\u015fece\u011fi zaman pantolonu \u00e7\u0131kart\u0131r ve alt\u0131ndaki k\u0131speti g\u00f6renler onun ger\u00e7ek bir g\u00fcre\u015f\u00e7i oldu\u011funu anlarlar.Danac\u0131 kendisini tan\u0131t\u0131r ve g\u00fcre\u015fe ba\u015flan\u0131r.Alta d\u00fc\u015fen Danac\u0131 bir oyunla \u00fcste \u00e7\u0131kar ve rakibinin kolunu tutunca geriye do\u011fru b\u00fcker ve kolu k\u0131r\u0131lan adam can ac\u0131s\u0131yla ba\u011f\u0131r\u0131r.K\u00f6yl\u00fclerinin yenildi\u011fini ve kolunun k\u0131r\u0131ld\u0131\u011f\u0131n\u0131 g\u00f6renler Danac\u0131ya sald\u0131r\u0131rlar.Kalabal\u0131kla ba\u015fa \u00e7\u0131kamayaca\u011f\u0131n\u0131 anlayan Danac\u0131 at\u0131n\u0131n e\u011ferinden \u00e7ekti\u011fi kamas\u0131yla \u00f6n\u00fcne gelene vurur.D\u00f6rt be\u015f ki\u015fiyi yaralad\u0131ktan sonra at\u0131na binerek ka\u00e7ar.Daha sonra yakalanan Danac\u0131 iki ki\u015fiyi \u00f6ld\u00fcrmek ve \u00fc\u00e7 ki\u015fiyi yaralamak su\u00e7undan idam cezas\u0131na \u00e7arpt\u0131r\u0131l\u0131r.Danac\u0131 bu t\u00fcrk\u00fcy\u00fc hapishanede s\u00f6ylemi\u015ftir.<\/p>\n<p>Lakab\u0131m Danac\u0131 ismim pehlivan<br \/>\nBana ac\u0131s\u0131n gavur M\u00fcsl\u00fcman<\/p>\n<p>Efendim efendim \u015funda nem kald\u0131<br \/>\nUrgan\u0131m ya\u011fland\u0131 \u00fc\u00e7 g\u00fcn\u00fcm kald\u0131.<\/p>\n<p>Elimde kelp\u00e7e y\u00fcz\u00fcm pe\u00e7eli<br \/>\nZaptiyeler durmu\u015f iki ge\u00e7eli<\/p>\n<p>Hapishanede yakarlar kara k\u00f6m\u00fcr\u00fc<br \/>\nMevlam size versin uzun \u00f6m\u00fcr\u00fc.<\/p>\n","protected":false},"excerpt":{"rendered":"<p>IRMAK KENARINDAN GEL\u00dcR GE\u00c7ERS\u00dcN Derleyen: S\u00fcleyman \u015eENEL 1983 Irmak kenar\u0131ndan gelir ge\u00e7ersin Sa\u011furu sa\u011furu t\u00fct\u00fcn i\u00e7ersin, Ne beni al\u0131rs\u0131n ne vazge\u00e7ersin, Yand\u0131m aman yand\u0131m, yandan bakana, Can\u0131m kurban olsun c\u0131garam\u0131 yakana. Irmak kenar\u0131ndan geldim de ge\u00e7tim, Boyumu boyuna \u00f6l\u00e7t\u00fcm de ge\u00e7tim, G\u00fczel seni g\u00fczel diye se\u00e7tim de ge\u00e7tim, Yand\u0131m aman yand\u0131m, k\u0131nal\u0131 da\u011flar, \u0130ki eli [&hellip;]<\/p>\n","protected":false},"author":1,"featured_media":0,"parent":0,"menu_order":0,"comment_status":"closed","ping_status":"closed","template":"g1_template_page_sidebar_right.php","meta":{"footnotes":""},"class_list":["post-2349","page","type-page","status-publish"],"_links":{"self":[{"href":"https:\/\/taskopru.bel.tr\/v1\/wp-json\/wp\/v2\/pages\/2349","targetHints":{"allow":["GET"]}}],"collection":[{"href":"https:\/\/taskopru.bel.tr\/v1\/wp-json\/wp\/v2\/pages"}],"about":[{"href":"https:\/\/taskopru.bel.tr\/v1\/wp-json\/wp\/v2\/types\/page"}],"author":[{"embeddable":true,"href":"https:\/\/taskopru.bel.tr\/v1\/wp-json\/wp\/v2\/users\/1"}],"replies":[{"embeddable":true,"href":"https:\/\/taskopru.bel.tr\/v1\/wp-json\/wp\/v2\/comments?post=2349"}],"version-history":[{"count":2,"href":"https:\/\/taskopru.bel.tr\/v1\/wp-json\/wp\/v2\/pages\/2349\/revisions"}],"predecessor-version":[{"id":2417,"href":"https:\/\/taskopru.bel.tr\/v1\/wp-json\/wp\/v2\/pages\/2349\/revisions\/2417"}],"wp:attachment":[{"href":"https:\/\/taskopru.bel.tr\/v1\/wp-json\/wp\/v2\/media?parent=2349"}],"curies":[{"name":"wp","href":"https:\/\/api.w.org\/{rel}","templated":true}]}}