{"id":2329,"date":"2019-06-13T03:20:16","date_gmt":"2019-06-13T00:20:16","guid":{"rendered":"http:\/\/taskopru.bel.tr\/v1\/?page_id=2329"},"modified":"2025-11-19T14:49:27","modified_gmt":"2025-11-19T11:49:27","slug":"mudurlukler","status":"publish","type":"page","link":"https:\/\/taskopru.bel.tr\/v1\/mudurlukler\/","title":{"rendered":"M\u00fcd\u00fcrl\u00fckler"},"content":{"rendered":"<ul>\n<li>\n<h4><strong>Park ve Bah\u00e7eler M\u00fcd\u00fcr\u00fc &#8211; Hasan BA\u015eTA\u015e (Dahili &#8211; 201)<br \/>\n<\/strong><\/h4>\n<\/li>\n<li>\n<h4><strong>Fen \u0130\u015fleri\u00a0 M\u00fcd\u00fcr V. &#8211; Mehmet Emre AKMAN (321)<\/strong><\/h4>\n<\/li>\n<li>\n<h4><strong> \u0130mar ve \u015eehircilik M\u00fcd\u00fcr V. &#8211;\u00a0 Mehmet Emre AKMAN\u00a0 (Dahili-321)<\/strong><\/h4>\n<\/li>\n<li>\n<h4><strong>Yaz\u0131 \u0130\u015fleri M\u00fcd\u00fcr\u00fc\u00a0 &#8211; Nevzat TAPAR (Dahili- 325)<\/strong><\/h4>\n<\/li>\n<li>\n<h4><strong>Mali Hizmetler M\u00fcd\u00fcr\u00fc &#8211; Yunus SARIMEHMETO\u011eLU (Dahili- 316)<\/strong><\/h4>\n<\/li>\n<li>\n<h4><strong>Su ve Kanalizasyon \u0130\u015fleri M\u00fcd\u00fcr\u00fc &#8211;\u00a0 Serhat \u015eENEL (Dahili- 318)<\/strong><\/h4>\n<\/li>\n<li>\n<h4><strong>Muhtal\u0131k \u0130\u015fleri M\u00fcd\u00fcr\u00fc &#8211; Cemali \u00d6ZSOY (Dahili &#8211; 324)<\/strong><\/h4>\n<\/li>\n<li>\n<h4><strong>K\u00fclt\u00fcr ve Sosyal \u0130\u015fler M\u00fcd\u00fcr\u00fc \u2013 Mehmet TU\u011eCU (Dahili- 322)<\/strong><\/h4>\n<\/li>\n<li>\n<h4><strong>Zab\u0131ta M\u00fcd\u00fcr\u00fc \u2013 H\u00fcseyin MOLA (Dahili- 362)<\/strong><\/h4>\n<\/li>\n<li>\n<h4><strong>\u0130tfaiye M\u00fcd\u00fcr\u00fc \u2013 U\u011fur KARADUMAN\u00a0 (417 01 02)<\/strong><\/h4>\n<\/li>\n<li>\n<h4><strong>Garaj Amirli\u011fi &#8211; Serhat \u00c7EL\u0130K (417 53 66)<\/strong><\/h4>\n<\/li>\n<li>\n<h4><strong>Organize Sanayi M\u00fcd\u00fcr\u00fc &#8211; Fatma Bet\u00fcl CEBEC\u0130 (Dahili &#8211; 336)<\/strong><\/h4>\n<\/li>\n<li>\n<h4><strong>Veteriner Hekim- Selim DEM\u0130RC\u0130O\u011eLU (Dahili-355)<\/strong><\/h4>\n<\/li>\n<li>\n<h4><strong>Bilgi \u0130\u015flem Sorumlusu- Mustafa TOPSAKAL (Dahili -337)<\/strong><\/h4>\n<\/li>\n<\/ul>\n<h2><\/h2>\n<h2><strong>Hizmet Standartlar\u0131m\u0131z \u0130\u00e7in <a href=\"https:\/\/taskopru.bel.tr\/v1\/wp-content\/uploads\/2025\/11\/2024-TASKOPRU-BELEDIYE-BASKANLIGI-HIZMET-STANDARTLARI-TABLOSU3.xls\">T\u0131klay\u0131n\u0131z<\/a>.<\/strong><\/h2>\n","protected":false},"excerpt":{"rendered":"<p>Park ve Bah\u00e7eler M\u00fcd\u00fcr\u00fc &#8211; Hasan BA\u015eTA\u015e (Dahili &#8211; 201) Fen \u0130\u015fleri\u00a0 M\u00fcd\u00fcr V. &#8211; Mehmet Emre AKMAN (321) \u0130mar ve \u015eehircilik M\u00fcd\u00fcr V. &#8211;\u00a0 Mehmet Emre AKMAN\u00a0 (Dahili-321) Yaz\u0131 \u0130\u015fleri M\u00fcd\u00fcr\u00fc\u00a0 &#8211; Nevzat TAPAR (Dahili- 325) Mali Hizmetler M\u00fcd\u00fcr\u00fc &#8211; Yunus SARIMEHMETO\u011eLU (Dahili- 316) Su ve Kanalizasyon \u0130\u015fleri M\u00fcd\u00fcr\u00fc &#8211;\u00a0 Serhat \u015eENEL (Dahili- 318) [&hellip;]<\/p>\n","protected":false},"author":1,"featured_media":0,"parent":0,"menu_order":0,"comment_status":"closed","ping_status":"closed","template":"g1_template_page_sidebar_right.php","meta":{"footnotes":""},"class_list":["post-2329","page","type-page","status-publish"],"_links":{"self":[{"href":"https:\/\/taskopru.bel.tr\/v1\/wp-json\/wp\/v2\/pages\/2329","targetHints":{"allow":["GET"]}}],"collection":[{"href":"https:\/\/taskopru.bel.tr\/v1\/wp-json\/wp\/v2\/pages"}],"about":[{"href":"https:\/\/taskopru.bel.tr\/v1\/wp-json\/wp\/v2\/types\/page"}],"author":[{"embeddable":true,"href":"https:\/\/taskopru.bel.tr\/v1\/wp-json\/wp\/v2\/users\/1"}],"replies":[{"embeddable":true,"href":"https:\/\/taskopru.bel.tr\/v1\/wp-json\/wp\/v2\/comments?post=2329"}],"version-history":[{"count":30,"href":"https:\/\/taskopru.bel.tr\/v1\/wp-json\/wp\/v2\/pages\/2329\/revisions"}],"predecessor-version":[{"id":14210,"href":"https:\/\/taskopru.bel.tr\/v1\/wp-json\/wp\/v2\/pages\/2329\/revisions\/14210"}],"wp:attachment":[{"href":"https:\/\/taskopru.bel.tr\/v1\/wp-json\/wp\/v2\/media?parent=2329"}],"curies":[{"name":"wp","href":"https:\/\/api.w.org\/{rel}","templated":true}]}}