{"id":2319,"date":"2019-06-13T03:09:28","date_gmt":"2019-06-13T00:09:28","guid":{"rendered":"http:\/\/taskopru.bel.tr\/v1\/?page_id=2319"},"modified":"2019-06-23T01:43:51","modified_gmt":"2019-06-22T22:43:51","slug":"baskana-yaz","status":"publish","type":"page","link":"https:\/\/taskopru.bel.tr\/v1\/baskana-yaz\/","title":{"rendered":"Ba\u015fkana Yaz"},"content":{"rendered":"<form action=\"https:\/\/taskopru.bel.tr\/v1\/baskana-yaz\/#contact-form-counter-1\" method=\"post\" id=\"contact-form-counter-1\" class=\"contact-form\"><div class=\"form-row\"><label for=\"contact_form_name_1\">Ad\u0131n\u0131z <em class=\"meta\">(required)<\/em><\/label><input type=\"text\" id=\"contact_form_name_1\" name=\"contact_form_name_1\" value=\"\" \/><\/div><div class=\"form-row\"><label for=\"contact_form_email_1\">Email  <em class=\"meta\">(required)<\/em><\/label><input type=\"text\" id=\"contact_form_email_1\" name=\"contact_form_email_1\" value=\"\" \/><\/div><div class=\"form-row\"><label for=\"contact_form_message_1\">Mesaj\u0131n\u0131z <em class=\"meta\">(required)<\/em><\/label><textarea id=\"contact_form_message_1\" name=\"contact_form_message_1\" rows=\"5\" cols=\"5\"><\/textarea><\/div><div class=\"form-row\"><label for=\"contact_form_captcha_1\">2 + 10 ?  <em class=\"meta\">(\u0130\u015flemin Toplam\u0131?)<\/em><\/label><input type=\"text\" class=\"u-2\" id=\"contact_form_captcha_1\" name=\"contact_form_captcha_1\" value=\"\" \/><\/div><fieldset><input type=\"hidden\" id=\"contact_form_captcha_hash_1\" name=\"contact_form_captcha_hash_1\" value=\"1c65cef3dfd1e00c0b03923a1c591db4\" \/><\/fieldset><fieldset><input type=\"hidden\" id=\"contact_form_data\" name=\"contact_form_data\" value=\"YTo4OntzOjI6ImlkIjtzOjA6IiI7czo1OiJjbGFzcyI7czowOiIiO3M6NDoibmFtZSI7czozNDoiVGHFn2vDtnByw7wgQmVsZWRpeWVzaSAoS0FTVEFNT05VKSI7czo1OiJlbWFpbCI7czoyNjoiYmlsZ2lpc2xlbUB0YXNrb3BydS5iZWwudHIiO3M6Nzoic3ViamVjdCI7czoyMDoiV2Vic2l0ZSBDb250YWN0IEZvcm0iO3M6Nzoic3VjY2VzcyI7czozOToiV2UgaGF2ZSByZWNlaXZlZCB5b3VyIGVtYWlsLiBUaGFuayB5b3UuIjtzOjc6ImZhaWx1cmUiO3M6MzI6Ik9vb3BzLCBzb21ldGhpbmcgaGFzIGdvbmUgd3JvbmcuIjtzOjc6ImNvdW50ZXIiO2k6MTt9\" \/><\/fieldset><div class=\"form-row\"><input type=\"submit\" name=\"contact_form_submit_1\" id=\"contact_form_submit_1\" value=\"G\u00f6nder\" \/><\/div><\/form>\n","protected":false},"excerpt":{"rendered":"","protected":false},"author":1,"featured_media":0,"parent":0,"menu_order":0,"comment_status":"closed","ping_status":"closed","template":"g1_template_page_sidebar_right.php","meta":{"footnotes":""},"class_list":["post-2319","page","type-page","status-publish"],"_links":{"self":[{"href":"https:\/\/taskopru.bel.tr\/v1\/wp-json\/wp\/v2\/pages\/2319","targetHints":{"allow":["GET"]}}],"collection":[{"href":"https:\/\/taskopru.bel.tr\/v1\/wp-json\/wp\/v2\/pages"}],"about":[{"href":"https:\/\/taskopru.bel.tr\/v1\/wp-json\/wp\/v2\/types\/page"}],"author":[{"embeddable":true,"href":"https:\/\/taskopru.bel.tr\/v1\/wp-json\/wp\/v2\/users\/1"}],"replies":[{"embeddable":true,"href":"https:\/\/taskopru.bel.tr\/v1\/wp-json\/wp\/v2\/comments?post=2319"}],"version-history":[{"count":2,"href":"https:\/\/taskopru.bel.tr\/v1\/wp-json\/wp\/v2\/pages\/2319\/revisions"}],"predecessor-version":[{"id":2615,"href":"https:\/\/taskopru.bel.tr\/v1\/wp-json\/wp\/v2\/pages\/2319\/revisions\/2615"}],"wp:attachment":[{"href":"https:\/\/taskopru.bel.tr\/v1\/wp-json\/wp\/v2\/media?parent=2319"}],"curies":[{"name":"wp","href":"https:\/\/api.w.org\/{rel}","templated":true}]}}