{"id":2305,"date":"2019-06-13T02:44:50","date_gmt":"2019-06-12T23:44:50","guid":{"rendered":"http:\/\/taskopru.bel.tr\/v1\/?page_id=2305"},"modified":"2024-07-10T10:36:32","modified_gmt":"2024-07-10T07:36:32","slug":"kamu-kurumlari","status":"publish","type":"page","link":"https:\/\/taskopru.bel.tr\/v1\/kamu-kurumlari\/","title":{"rendered":"Kamu Kurumlar\u0131"},"content":{"rendered":"<table style=\"height: 4674px;\" border=\"0\" width=\"771\" cellspacing=\"0\" cellpadding=\"0\">\n<tbody>\n<tr>\n<td>\n<p align=\"center\"><strong>\u00dcNVANI<\/strong><\/p>\n<\/td>\n<td><\/td>\n<td colspan=\"3\">\n<p align=\"center\"><strong>MAKAM<\/strong><\/p>\n<\/td>\n<\/tr>\n<tr>\n<td>KAYMAKAM<\/td>\n<td><\/td>\n<td colspan=\"3\">\n<p align=\"center\">417 10 09<\/p>\n<\/td>\n<\/tr>\n<tr>\n<td><strong>YAZI \u0130\u015e. M\u00dcD.<\/strong><\/td>\n<td><\/td>\n<td colspan=\"3\">\n<p align=\"center\"><strong>417 52 66<\/strong><\/p>\n<\/td>\n<\/tr>\n<tr>\n<td>ASKERL\u0130K \u015eB. B\u015eK.<\/td>\n<td><\/td>\n<td colspan=\"3\">\n<p align=\"center\">417 10 69<\/p>\n<\/td>\n<\/tr>\n<tr>\n<td><strong>BELED\u0130YE BA\u015eKANI<\/strong><\/td>\n<td><\/td>\n<td colspan=\"3\">\n<p align=\"center\"><strong>417 10 08<\/strong><\/p>\n<\/td>\n<\/tr>\n<tr>\n<td>\u0130L\u00c7E JANDARMA KOM.<\/td>\n<td><\/td>\n<td colspan=\"3\">\n<p align=\"center\">417 10 13<\/p>\n<\/td>\n<\/tr>\n<tr>\n<td><strong>CUMHUR\u0130YET SAVCISI<\/strong><\/td>\n<td><\/td>\n<td colspan=\"3\">\n<p align=\"center\"><strong>417 16 00<\/strong><\/p>\n<\/td>\n<\/tr>\n<tr>\n<td>CUMHUR\u0130YET SAVCISI<\/td>\n<td><\/td>\n<td colspan=\"3\">\n<p align=\"center\">417 16 00<\/p>\n<\/td>\n<\/tr>\n<tr>\n<td><strong>ASL\u0130YE HUKUK HAK\u0130M\u0130<\/strong><\/td>\n<td><\/td>\n<td colspan=\"3\">\n<p align=\"center\"><strong>417 16 00<\/strong><\/p>\n<\/td>\n<\/tr>\n<tr>\n<td>SULH CEZA HAK\u0130M\u0130<\/td>\n<td><\/td>\n<td colspan=\"3\">\n<p align=\"center\">417 16 00<\/p>\n<\/td>\n<\/tr>\n<tr>\n<td><strong>ASL\u0130YE HUKUK HAK\u0130M\u0130<\/strong><\/td>\n<td><\/td>\n<td colspan=\"3\">\n<p align=\"center\"><strong>417 16 00<\/strong><\/p>\n<\/td>\n<\/tr>\n<tr>\n<td>\u0130L\u00c7E EMN\u0130YET M\u00dcD.<\/td>\n<td><\/td>\n<td colspan=\"3\">\n<p align=\"center\">417 12 89<\/p>\n<\/td>\n<\/tr>\n<tr>\n<td><strong>EMN\u0130YET KARAKOLU<\/strong><\/td>\n<td><\/td>\n<td colspan=\"3\">\n<p align=\"center\"><strong>417 10 29<\/strong><\/p>\n<\/td>\n<\/tr>\n<tr>\n<td>TAPU S\u0130C\u0130L M\u00dcD.<\/td>\n<td><\/td>\n<td colspan=\"3\">\n<p align=\"center\">2805226<\/p>\n<\/td>\n<\/tr>\n<tr>\n<td><strong>TAPU KADASTRO M\u00dcD.<\/strong><\/td>\n<td><\/td>\n<td colspan=\"3\">\n<p align=\"center\"><strong>2805295<\/strong><\/p>\n<\/td>\n<\/tr>\n<tr>\n<td>SOSYAL YRD. FONU<\/td>\n<td><\/td>\n<td colspan=\"3\">\n<p align=\"center\">417 29 48<\/p>\n<\/td>\n<\/tr>\n<tr>\n<td><strong>NOTER<\/strong><\/td>\n<td><\/td>\n<td colspan=\"3\">\n<p align=\"center\"><strong>417 18 46<\/strong><\/p>\n<\/td>\n<\/tr>\n<tr>\n<td>SE\u00c7\u0130M M\u00dcD\u00dcR\u00dc<\/td>\n<td><\/td>\n<td colspan=\"3\">\n<p align=\"center\">417 12 96<\/p>\n<\/td>\n<\/tr>\n<tr>\n<td><strong>\u0130CRA M\u00dcD\u00dcR\u00dc<\/strong><\/td>\n<td><\/td>\n<td colspan=\"3\">\n<p align=\"center\"><strong>417 16 00<\/strong><\/p>\n<\/td>\n<\/tr>\n<tr>\n<td>\u00d6ZEL \u0130DARE M\u00dcD\u00dcR\u00dc<\/td>\n<td><\/td>\n<td colspan=\"3\">\n<p align=\"center\">417 10 63<\/p>\n<\/td>\n<\/tr>\n<tr>\n<td><strong>N\u00dcFUS M\u00dcD\u00dcR\u00dc<\/strong><\/td>\n<td><\/td>\n<td colspan=\"3\">\n<p align=\"center\"><strong>417 29 67<\/strong><\/p>\n<\/td>\n<\/tr>\n<tr>\n<td>S\u0130V\u0130L SAVUNMA M\u00dcD.<\/td>\n<td><\/td>\n<td colspan=\"3\">\n<p align=\"center\">417 55 10<\/p>\n<\/td>\n<\/tr>\n<tr>\n<td><strong>MAL M\u00dcD\u00dcR\u00dc<\/strong><\/td>\n<td><\/td>\n<td colspan=\"3\">\n<p align=\"center\"><strong>417 10 01<\/strong><\/p>\n<\/td>\n<\/tr>\n<tr>\n<td>VERG\u0130 DA\u0130RES\u0130 M\u00dcD.<\/td>\n<td><\/td>\n<td colspan=\"3\">\n<p align=\"center\">417 15 85<\/p>\n<\/td>\n<\/tr>\n<tr>\n<td><strong>DEVLET HAST. M\u00dcD.<\/strong><\/td>\n<td><\/td>\n<td colspan=\"3\">\n<p align=\"center\"><strong>417 29 67<\/strong><\/p>\n<\/td>\n<\/tr>\n<tr>\n<td>DEV.HAST. BA\u015eHEK\u0130M\u0130<\/td>\n<td><\/td>\n<td colspan=\"3\">\n<p align=\"center\">417 39 02<\/p>\n<\/td>\n<\/tr>\n<tr>\n<td><strong>TARIM \u0130L\u00c7E M\u00dcD.<\/strong><\/td>\n<td><\/td>\n<td colspan=\"3\">\n<p align=\"center\"><strong>417 10 36<\/strong><\/p>\n<\/td>\n<\/tr>\n<tr>\n<td>PTT M\u00dcD\u00dcR\u00dc<\/td>\n<td><\/td>\n<td colspan=\"3\">\n<p align=\"center\">417 14 15<\/p>\n<\/td>\n<\/tr>\n<tr>\n<td><strong>BA\u011eKUR \u015eEF\u0130<\/strong><\/td>\n<td><\/td>\n<td colspan=\"3\">\n<p align=\"center\"><strong>417 20 95<\/strong><\/p>\n<\/td>\n<\/tr>\n<tr>\n<td>PANCAR B\u00d6LGE \u015eEF\u0130<\/td>\n<td><\/td>\n<td colspan=\"3\">\n<p align=\"center\">417 10 72<\/p>\n<\/td>\n<\/tr>\n<tr>\n<td><strong>TEDA\u015e \u0130\u015eLETME \u015eEF\u0130<\/strong><\/td>\n<td><\/td>\n<td colspan=\"3\">\n<p align=\"center\"><strong>417 21 34<\/strong><\/p>\n<\/td>\n<\/tr>\n<tr>\n<td>TEDA\u015e TROFA \u015eEF\u0130<\/td>\n<td><\/td>\n<td colspan=\"3\">\n<p align=\"center\">417 13 38<\/p>\n<\/td>\n<\/tr>\n<tr>\n<td><strong>ORMAN \u0130\u015eLETME M\u00dcD.<\/strong><\/td>\n<td><\/td>\n<td colspan=\"3\">\n<p align=\"center\"><strong>417 10 67<\/strong><\/p>\n<\/td>\n<\/tr>\n<tr>\n<td>\u0130L\u00c7E M\u00dcFT\u00dcS\u00dc<\/td>\n<td><\/td>\n<td colspan=\"3\">\n<p align=\"center\">417 11 81<\/p>\n<\/td>\n<\/tr>\n<tr>\n<td colspan=\"5\">\n<p align=\"center\"><strong>BANKALAR<\/strong><\/p>\n<\/td>\n<\/tr>\n<tr>\n<td>Z\u0130RAAT BANKASI M\u00dcD.<\/td>\n<td><\/td>\n<td colspan=\"3\">\n<p align=\"center\">417 10 11<\/p>\n<\/td>\n<\/tr>\n<tr>\n<td>HALK BANKASI M\u00dcD.<\/td>\n<td><\/td>\n<td colspan=\"3\">\n<p align=\"center\">417 10 38<\/p>\n<\/td>\n<\/tr>\n<tr>\n<td>\u0130\u015e BANKASI M\u00dcD.<\/td>\n<td><\/td>\n<td colspan=\"3\">\n<p align=\"center\">417 10 34<\/p>\n<\/td>\n<\/tr>\n<tr>\n<td>AKBANK M\u00dcD. V.<\/td>\n<td><\/td>\n<td colspan=\"3\">\n<p align=\"center\">417 11 82<\/p>\n<\/td>\n<\/tr>\n<tr>\n<td>\u015eEKER BANK M\u00dcD. V.<\/td>\n<td><\/td>\n<td colspan=\"3\">\n<p align=\"center\">417 11 27<\/p>\n<\/td>\n<\/tr>\n<tr>\n<td colspan=\"5\">\n<p align=\"center\"><strong>S\u0130YAS\u0130 PART\u0130LER<\/strong><\/p>\n<\/td>\n<\/tr>\n<tr>\n<td>AK PART\u0130 \u0130L\u00c7E BA\u015eKANI<\/td>\n<td><\/td>\n<td colspan=\"3\">\n<p align=\"center\">417 55 57<\/p>\n<\/td>\n<\/tr>\n<tr>\n<td>CHP \u0130L\u00c7E BA\u015eKANI<\/td>\n<td><\/td>\n<td colspan=\"3\">\n<p align=\"center\">417 37 33<\/p>\n<\/td>\n<\/tr>\n<tr>\n<td>MHP \u0130L\u00c7E BA\u015eKANI<\/td>\n<td><\/td>\n<td colspan=\"3\">\n<p align=\"center\">&#8211;<\/p>\n<\/td>\n<\/tr>\n<tr>\n<td>SAADET PART\u0130S\u0130<\/td>\n<td><\/td>\n<td colspan=\"3\">\n<p align=\"center\">417 11 40<\/p>\n<\/td>\n<\/tr>\n<tr>\n<td><\/td>\n<td><\/td>\n<td colspan=\"3\">\n<p align=\"center\">\n<\/td>\n<\/tr>\n<tr>\n<td><\/td>\n<td><\/td>\n<td colspan=\"3\">\n<p align=\"center\">\n<\/td>\n<\/tr>\n<tr>\n<td><\/td>\n<td><\/td>\n<td colspan=\"3\">\n<p align=\"center\">\n<\/td>\n<\/tr>\n<tr>\n<td colspan=\"5\">\n<p align=\"center\"><strong>GAZETE TEMS\u0130LC\u0130L\u0130KLER\u0130<\/strong><\/p>\n<\/td>\n<\/tr>\n<tr>\n<td><\/td>\n<td><\/td>\n<td colspan=\"3\"><\/td>\n<\/tr>\n<tr>\n<td>T\u00dcRK\u0130YE GAZETES\u0130<\/td>\n<td><\/td>\n<td colspan=\"3\">\n<p align=\"center\">417 37 46<\/p>\n<\/td>\n<\/tr>\n<tr>\n<td colspan=\"5\">\n<p align=\"center\"><strong>HABER AJANSI TEMS\u0130LC\u0130L\u0130KLER\u0130<\/strong><\/p>\n<\/td>\n<\/tr>\n<tr>\n<td>ANADOLU AJANSI &#8211; Hamza Sefa YILMAZ<\/td>\n<td><\/td>\n<td colspan=\"3\">0545 856 00 37<\/td>\n<\/tr>\n<tr>\n<td>\u0130HLAS HABER AJANSIDO\u011eAN HABER AJANSI<\/td>\n<td><\/td>\n<td colspan=\"3\">0542 801 77 020543 968 41 88<\/td>\n<\/tr>\n<tr>\n<td colspan=\"5\">\n<p align=\"center\"><strong>S\u0130V\u0130L TOPLUM \u00d6RG\u00dcTLER\u0130<\/strong><\/p>\n<\/td>\n<\/tr>\n<tr>\n<td colspan=\"3\">ESNAF KEFALET KOOP.<\/td>\n<td><\/td>\n<td>\n<p align=\"center\">417 11 14<\/p>\n<\/td>\n<\/tr>\n<tr>\n<td colspan=\"3\">ESNAF SANT. DERN. BA\u015e.<\/td>\n<td><\/td>\n<td>\n<p align=\"center\">417 13 46<\/p>\n<\/td>\n<\/tr>\n<tr>\n<td colspan=\"3\">\u015eOF.ve OTOM. DER.BA\u015e.<\/td>\n<td><\/td>\n<td>\n<p align=\"center\">417 12 59<\/p>\n<\/td>\n<\/tr>\n<tr>\n<td colspan=\"3\">T\u0130CARET ODASI B\u015eK.<\/td>\n<td><\/td>\n<td>\n<p align=\"center\">417 11 30<\/p>\n<\/td>\n<\/tr>\n<tr>\n<td colspan=\"3\">TARIM KRDE\u0130 KOOP.<\/td>\n<td><\/td>\n<td>\n<p align=\"center\">417 11 23<\/p>\n<\/td>\n<\/tr>\n<tr>\n<td colspan=\"3\">\u0130\u015e\u00c7\u0130 EMEKL\u0130LER\u0130 DER.<\/td>\n<td><\/td>\n<td>\n<p align=\"center\">417 24 10<\/p>\n<\/td>\n<\/tr>\n<tr>\n<td colspan=\"5\">\n<p align=\"center\"><strong>M\u0130LL\u0130 E\u011e\u0130T\u0130M M\u00dcD\u00dcRL\u00dc\u011e\u00dc<\/strong><\/p>\n<\/td>\n<\/tr>\n<tr>\n<td colspan=\"3\">M\u0130LL\u0130 E\u011e\u0130T\u0130M M\u00dcD\u00dcR\u00dc<\/td>\n<td><\/td>\n<td>\n<p align=\"center\">417 10 33<\/p>\n<\/td>\n<\/tr>\n<tr>\n<td colspan=\"3\">HALK E\u011e\u0130T\u0130M M\u00dcD\u00dcR\u00dc<\/td>\n<td><\/td>\n<td>\n<p align=\"center\">417 10 56<\/p>\n<\/td>\n<\/tr>\n<tr>\n<td colspan=\"3\">\u00d6\u011eRETMEN EV\u0130 M\u00dcD.<\/td>\n<td><\/td>\n<td>\n<p align=\"center\">417 52 84<\/p>\n<\/td>\n<\/tr>\n<tr>\n<td colspan=\"3\">GEN\u00c7L\u0130K SPOR \u0130L\u00c7E M\u00dcD.<\/td>\n<td><\/td>\n<td>\n<p align=\"center\">417 15 20<\/p>\n<\/td>\n<\/tr>\n<tr>\n<td colspan=\"3\">TA\u015eK\u00d6PR\u00dc L\u0130SES\u0130 M\u00dcD.<\/td>\n<td><\/td>\n<td>\n<p align=\"center\">417 40 63<\/p>\n<\/td>\n<\/tr>\n<tr>\n<td colspan=\"3\">KIZ MESLEK L\u0130SES\u0130 M\u00dcD.<\/td>\n<td><\/td>\n<td>\n<p align=\"center\">417 10 18<\/p>\n<\/td>\n<\/tr>\n<tr>\n<td colspan=\"3\">SA\u011eLIK MES. L\u0130S. M\u00dcD.<\/td>\n<td><\/td>\n<td>\n<p align=\"center\">417 29 40<\/p>\n<\/td>\n<\/tr>\n<tr>\n<td colspan=\"3\">\u0130MAM HAT\u0130P L\u0130S. M\u00dcD.<\/td>\n<td><\/td>\n<td>\n<p align=\"center\">417 23 88<\/p>\n<\/td>\n<\/tr>\n<tr>\n<td colspan=\"3\">Y\u0130BO M\u00dcD\u00dcR\u00dc<\/td>\n<td><\/td>\n<td>\n<p align=\"center\">417 38 61<\/p>\n<\/td>\n<\/tr>\n<tr>\n<td colspan=\"3\">ATAT\u00dcRK \u0130.\u00d6.O. M\u00dcD.<\/td>\n<td><\/td>\n<td>\n<p align=\"center\">417 38 01<\/p>\n<\/td>\n<\/tr>\n<tr>\n<td colspan=\"3\">M. GAZ\u0130 \u0130.\u00d6.O. M\u00dcD.<\/td>\n<td><\/td>\n<td>\n<p align=\"center\">417 11 07<\/p>\n<\/td>\n<\/tr>\n<tr>\n<td colspan=\"3\">FAT\u0130H \u0130.\u00d6.O. M\u00dcD.<\/td>\n<td><\/td>\n<td>\n<p align=\"center\">417 10 75<\/p>\n<\/td>\n<\/tr>\n<tr>\n<td colspan=\"3\">BELED\u0130YE \u0130.\u00d6.O. M\u00dcD.<\/td>\n<td><\/td>\n<td>\n<p align=\"center\">417 38 22<\/p>\n<\/td>\n<\/tr>\n<tr>\n<td colspan=\"3\">BAHR\u0130 ALP \u0130.\u00d6.O. M\u00dcD.<\/td>\n<td><\/td>\n<td>\n<p align=\"center\">417 44 02<\/p>\n<\/td>\n<\/tr>\n<tr>\n<td colspan=\"3\"><\/td>\n<td><\/td>\n<td><\/td>\n<\/tr>\n<tr>\n<td colspan=\"3\">E.M.L. M\u00dcD\u00dcR\u00dc<\/td>\n<td><\/td>\n<td>\n<p align=\"center\">417 11 50<\/p>\n<\/td>\n<\/tr>\n<tr>\n<td colspan=\"3\">SEKA \u0130.\u00d6.O. M\u00dcD\u00dcR\u00dc<\/td>\n<td><\/td>\n<td>\n<p align=\"center\">482 80 01<\/p>\n<\/td>\n<\/tr>\n<tr>\n<td colspan=\"3\">ANADOLU L\u0130SES\u0130 M\u00dcD.<\/td>\n<td><\/td>\n<td>\n<p align=\"center\">417 50 62<\/p>\n<\/td>\n<\/tr>\n<tr>\n<td colspan=\"3\">MURAT \u00dcLGEN \u0130.\u00d6.O.<\/td>\n<td><\/td>\n<td>\n<p align=\"center\">417 33 80<\/p>\n<\/td>\n<\/tr>\n<tr>\n<td colspan=\"3\">HALK K\u00dcT\u00dcPHANES\u0130<\/td>\n<td><\/td>\n<td>\n<p align=\"center\">417 28 60<\/p>\n<\/td>\n<\/tr>\n<\/tbody>\n<\/table>\n","protected":false},"excerpt":{"rendered":"<p>\u00dcNVANI MAKAM KAYMAKAM 417 10 09 YAZI \u0130\u015e. M\u00dcD. 417 52 66 ASKERL\u0130K \u015eB. B\u015eK. 417 10 69 BELED\u0130YE BA\u015eKANI 417 10 08 \u0130L\u00c7E JANDARMA KOM. 417 10 13 CUMHUR\u0130YET SAVCISI 417 16 00 CUMHUR\u0130YET SAVCISI 417 16 00 ASL\u0130YE HUKUK HAK\u0130M\u0130 417 16 00 SULH CEZA HAK\u0130M\u0130 417 16 00 ASL\u0130YE HUKUK HAK\u0130M\u0130 417 [&hellip;]<\/p>\n","protected":false},"author":1,"featured_media":0,"parent":0,"menu_order":0,"comment_status":"closed","ping_status":"closed","template":"g1_template_page_sidebar_right.php","meta":{"footnotes":""},"class_list":["post-2305","page","type-page","status-publish"],"_links":{"self":[{"href":"https:\/\/taskopru.bel.tr\/v1\/wp-json\/wp\/v2\/pages\/2305","targetHints":{"allow":["GET"]}}],"collection":[{"href":"https:\/\/taskopru.bel.tr\/v1\/wp-json\/wp\/v2\/pages"}],"about":[{"href":"https:\/\/taskopru.bel.tr\/v1\/wp-json\/wp\/v2\/types\/page"}],"author":[{"embeddable":true,"href":"https:\/\/taskopru.bel.tr\/v1\/wp-json\/wp\/v2\/users\/1"}],"replies":[{"embeddable":true,"href":"https:\/\/taskopru.bel.tr\/v1\/wp-json\/wp\/v2\/comments?post=2305"}],"version-history":[{"count":10,"href":"https:\/\/taskopru.bel.tr\/v1\/wp-json\/wp\/v2\/pages\/2305\/revisions"}],"predecessor-version":[{"id":2411,"href":"https:\/\/taskopru.bel.tr\/v1\/wp-json\/wp\/v2\/pages\/2305\/revisions\/2411"}],"wp:attachment":[{"href":"https:\/\/taskopru.bel.tr\/v1\/wp-json\/wp\/v2\/media?parent=2305"}],"curies":[{"name":"wp","href":"https:\/\/api.w.org\/{rel}","templated":true}]}}