{"id":2295,"date":"2019-06-13T02:34:52","date_gmt":"2019-06-12T23:34:52","guid":{"rendered":"http:\/\/taskopru.bel.tr\/v1\/?page_id=2295"},"modified":"2019-06-13T23:28:49","modified_gmt":"2019-06-13T20:28:49","slug":"taskopru","status":"publish","type":"page","link":"https:\/\/taskopru.bel.tr\/v1\/taskopru\/","title":{"rendered":"Ta\u015fk\u00f6pr\u00fc"},"content":{"rendered":"<div><strong>POMPE\u0130OPOL\u0130S\u2019\u0130N KURULU\u015eU<\/strong><\/div>\n<div><\/div>\n<div>M.\u00d6. 64 y\u0131l\u0131nda Romal\u0131 General Pompeius Magnus Pompeiopolis\u2019i Roma imparatorlu\u011funun kuzey Anadolu\u2019daki romanizasyonun \u00fcs b\u00f6lgesi olarak daha \u00f6nceki bir yerle\u015fimin \u00fczerine ve \u00e7evre k\u00f6ylerin n\u00fcfusunun da birle\u015ftirmesiyle g\u00f6rkemli bir kent olarak kurdu. Ve bu yeni \u015fehrin ismi de kurucusuna ithafen \u201cPompeiopolis\u201d oldu.<\/div>\n<div>M.\u00d6. 66 y\u0131l\u0131nda s\u0131n\u0131rs\u0131z yetkilerle donat\u0131lm\u0131\u015f Romal\u0131 General Pompeus Magnus, Anadolu\u2019ya ge\u00e7erek daha \u00f6nceden General Lucullus taraf\u0131ndan par\u00e7alanan Mithradetes ordular\u0131n\u0131n takibine koyulmu\u015f ve ondan geriye kalan kale kentleri yok etmek i\u00e7in u\u011fra\u015fm\u0131\u015ft\u0131r. M.\u00d6. 63 y\u0131l\u0131nda Mithradates\u2019in \u00f6l\u00fcm\u00fcyle biten sava\u015flardan sonra, Pompeius b\u00f6lgeyi Roma idaresi alt\u0131nda yeniden d\u00fczenlemi\u015ftir. Bu yeni d\u00fczenleme temelde sivil idareyi yerel y\u00f6neticilere b\u0131rak\u0131p, askeri idareyi Roma\u2019n\u0131n almas\u0131 \u00fczerindeydi. Pontus B\u00f6lgesinde bu yeni d\u00fczenlemelere uygun olarak 11 \u015fehir meydana getirdi. Bu kentler Amasrist (Amasra), Sinope (Sinop), Amisos (Samsun), Pompeiopolis (Ta\u015fk\u00f6pr\u00fc), Neapolis\/Neoclaudiopolis (Vezirk\u00f6pr\u00fc), Magnapolis, Diospolis\/Neocaesarea (Niksar), Nikopolis, Zela (Zile), Megalapolis\/Sebasteia (Sivas), ve Amaseia ya da Abonuteichos\/Ionopolis olduklar\u0131 d\u00fc\u015f\u00fcn\u00fclmektedir.<\/div>\n<div>Pompeiopolis (Kastamonu\/Ta\u015fk\u00f6pr\u00fc) General Pompeius\u2019un bu yeni d\u00fczenlemeleri \u00e7er\u00e7evesinde tamamen bir Roma kenti karakteriyle kurdu\u011fu ve tarih sayfalar\u0131nda yerini alan bir kenttir. Bu \u015fekilde d\u00fczenlenmeden \u00f6nce daha eski bir yerle\u015fimin varl\u0131\u011f\u0131na ili\u015fkin arkeolojik materyal olarak bilgi sahibi olunmasa da yaz\u0131l\u0131 kaynaklar bu varl\u0131\u011f\u0131 bize i\u015faret etmektedir.<\/div>\n<div>Yeni d\u00fczenlenen b\u00f6lge i\u00e7erisinde g\u00fcn\u00fcm\u00fcz Gangra (\u00c7ank\u0131r\u0131) ba\u015fkent olurken, Pompeiopolis (Ta\u015fk\u00f6pr\u00fc) birlik meclisinin de topland\u0131\u011f\u0131 manevi ba\u015fkent konumundayd\u0131. Pompeiopolis, bu kurulu\u015funun ard\u0131ndan h\u0131zl\u0131 bir \u015fekilde y\u00fckseli\u015fe ge\u00e7ti. Bu h\u0131zl\u0131 ilerleme kentin kurulu\u015fundan k\u0131sa bir s\u00fcre sonra bast\u0131\u011f\u0131 otonom sikkelerde kendini g\u00f6stermektedir.<\/div>\n<div>Kent en g\u00fc\u00e7l\u00fc zaman\u0131n\u0131 Roma \u0130mparatoru Marcus Aurelius\u2019un damad\u0131 olan Klaudius Severus d\u00f6neminde ya\u015famaya ba\u015flad\u0131. Bu y\u00f6neticiyle birlikte Pompeiopolis ba\u015fkent konumuna y\u00fckseldi. Kent Paphlagonia B\u00f6lgesi i\u00e7erisinde \u201cMetropolis Sebaste\u201d yani Paphlagonia\u2019n\u0131n ana \u015fehri ve kutsal \u015fehri konumunda an\u0131lmaya ba\u015flar.<\/div>\n<div>M.S. 150\u2013300 y\u0131llar\u0131 aras\u0131nda ba\u015fkentli\u011fi s\u00fcrd\u00fcren kentin M.S. 325\u2019ler itibariyle piskoposluk olarak temsil etmesi b\u00f6lgede H\u0131ristiyanl\u0131\u011f\u0131n yay\u0131lmaya ba\u015flad\u0131\u011f\u0131n\u0131 g\u00f6stermektedir. M.S 536\u2013553 y\u0131llar\u0131nda ba\u015fpiskoposlu\u011fa y\u00fckselen kent M:s 13. yy\u2019a kadar piskoposluk listelerinde varolmaya devam etti.<\/div>\n<div>M.S 7. yy\u2019da ba\u015flayan Arap ve Sasani ak\u0131nlar\u0131n\u0131n kente b\u00fcy\u00fck zarar verdi\u011fi bilinmektedir. Normalde Pompeiopolis kentinde herhangi bir tahkimat duvar\u0131 olmad\u0131\u011f\u0131 i\u00e7in, kent sakinleri hemen yak\u0131nlarda g\u00fcn\u00fcm\u00fcz i\u00e7in K\u0131zlar Kalesi olarak adland\u0131r\u0131lan kaleyi in\u015fa eder ve buraya ta\u015f\u0131n\u0131rlar. Bizans D\u00f6neminden T\u00fcrk \u0130slam \u00c7a\u011flar\u0131n\u0131n ba\u015flang\u0131c\u0131na kadar kent hakk\u0131ndaki yerle\u015fim s\u00fcreci konusunda bilgilerimiz ayn\u0131 zamanda k\u0131s\u0131tlanmaktad\u0131r da.<\/div>\n<div>1084 y\u0131l\u0131nda t\u00fcm b\u00f6lgeyle birlikte Ta\u015fk\u00f6pr\u00fc\u2019de Emir Karatigin Bey taraf\u0131ndan ele ge\u00e7irilir. Ancak Bizans ve \u00e7e\u015fitli T\u00fcrk Devletleri aras\u0131nda el de\u011fi\u015ftiren Ta\u015fk\u00f6pr\u00fc 1211\u20131212 y\u0131llar\u0131nda \u00c7obano\u011flu Emir H\u00fcsameddin Bey taraf\u0131ndan kati olarak b\u00f6lgeyle birlikte T\u00fcrklerin idaresi alt\u0131na ge\u00e7er.<\/div>\n<div>Bu d\u00f6nemde g\u00fcn\u00fcm\u00fcz Ta\u015fk\u00f6pr\u00fc\u2019s\u00fcn\u00fcn T\u00fcrk \u0130sk\u00e2nc\u0131lar taraf\u0131ndan yerle\u015fime a\u00e7\u0131ld\u0131\u011f\u0131 d\u00fc\u015f\u00fcn\u00fclebilir. Z\u0131mb\u0131ll\u0131 Tepesi dedi\u011fimiz antik Pompeiopolis kenti ise bu tarihte art\u0131k tamamen terk edilmi\u015ftir.<\/div>\n<div>Daha sonra Kastamonu merkezli \u00c7obano\u011fullar\u0131 Beyli\u011fi ad\u0131nda bir beylik kuran Emir H\u00fcsameddin Bey zaman\u0131nda; Bizans D\u00f6neminde n\u00fcfusu azalan b\u00f6lgeye yo\u011fun bir \u015fekilde T\u00fcrk \u0130skanc\u0131lar\u0131n geldi\u011fi g\u00f6r\u00fcl\u00fcr. Bu durum Ta\u015fk\u00f6pr\u00fc\u2019ye ba\u011fl\u0131 k\u00f6y isimlerinden de g\u00f6r\u00fclebilmektedir. T\u00fcrk Boy isimleri ta\u015f\u0131yan ve muhtemele yaklas\u0131k 800 y\u0131ld\u0131r g\u00fcn\u00fcm\u00fcze de\u011fi\u015fmeden gelen isimler aras\u0131nda Av\u015far, \u0130re\u011f\u00fcr, \u00c7avundur, \u00c7etmi, Kay\u0131 gibi isimler say\u0131labilir.<\/div>\n<div>\u00c7obao\u011fullar\u0131 Beyli\u011fi sonras\u0131nda 1300\u2019l\u00fc y\u0131llar\u0131n ba\u015f\u0131nda Candaro\u011fullar\u0131 Beyli\u011fi idaresine ge\u00e7en kent 1460 y\u0131l\u0131nda kadar bu beyli\u011fin idaresinde kalm\u0131\u015f, daha sonra ise t\u00fcm b\u00f6lgeyle birlikte Osmanl\u0131 Devletinin y\u00f6netimi alt\u0131na girmi\u015ftir.<\/div>\n<div><\/div>\n<div>POMPE\u0130OPOL\u0130S\u2019TE G\u00dcN\u00dcM\u00dcZE KADAR YAPILAN \u00c7ALI\u015eMALAR<\/div>\n<div><\/div>\n<div>Z\u0131mb\u0131ll\u0131 Tepesi olarak da adland\u0131r\u0131lan antik Pompeiopolis kentinin kal\u0131nt\u0131lar\u0131n\u0131n g\u00fcn y\u00fcz\u00fcne \u00e7\u0131kmas\u0131 i\u00e7in k\u0131smi de olsa kimi \u00e7al\u0131\u015fmalar \u00e7e\u015fitli tarihlerde yap\u0131lm\u0131\u015ft\u0131r. Bu \u00e7al\u0131\u015fmalar\u0131n ba\u015fl\u0131calar\u0131 Kastamonu Arkeoloji M\u00fczesi taraf\u0131ndan 1983 ve 1994 y\u0131llar\u0131nda yap\u0131lan kurtarma kaz\u0131lar\u0131 say\u0131labilir.<\/div>\n<div>1983 y\u0131l\u0131nda yap\u0131lan kurtarma kaz\u0131s\u0131 alan 1. derecede sit alan\u0131 i\u00e7erisine kurulmu\u015f olan pancar deposu ve kantarlar\u0131n\u0131n antik \u015fehre verdi\u011fi zarar\u0131n giderilmesi i\u00e7in olmu\u015ftur. Yap\u0131lan \u00e7al\u0131\u015fmalarda ortaya \u00e7\u0131kar\u0131lan mek\u00e2nlar\u0131n neredeyse t\u00fcm\u00fcn\u00fcn mozaikli alanlarla kapl\u0131 oldu\u011fu g\u00f6r\u00fclm\u00fc\u015ft\u00fcr. Bu mozaikler i\u00e7erisinde bir\u00e7o\u011fu \u00fcnik motiflere sahip \u00e7al\u0131\u015fmalar g\u00f6r\u00fclm\u00fc\u015ft\u00fcr. Bunlardan biri \u201cBur\u00e7lar Mozai\u011fi\u201d olarak adland\u0131r\u0131l\u0131rken, bir di\u011feri de muhtemel G\u00f6k\u0131rmak\u2019\u0131 sembolize eden \u201cNereid ve Okeanos\u2019un\u201d sahnesidir. \u00d6nemli bir mozaikte ise Grek\u00e7e Alfabe ile \u201c E\u0130SELTE EFAGATO-\u03ad\u03af\u03c3\u03ad\u03bb\u03c4\u03ad \u03ad\u03c0\u03ac\u03b3\u03ac\u03c4\u03c9\u201d yani \u201c\u0130Y\u0130L\u0130K \u0130\u00c7\u0130N \u0130Y\u0130L\u0130KLE G\u0130R\u201d ifadesi bulunmaktad\u0131r.<\/div>\n<div>Kaz\u0131lar s\u0131ras\u0131nda \u00e7\u0131kan mozaikler Kastamonu Arkeoloji M\u00fczesine ta\u015f\u0131nm\u0131\u015ft\u0131r. Yap\u0131lan k\u0131sa kaz\u0131 s\u0131ras\u0131nda bulunan mozaiklerle birlikte \u00e7\u0131kan di\u011fer arkeolojik eserler bize bu antik kentin ne kadar \u00f6nemli, zengin ve b\u00fcy\u00fck oldu\u011funu g\u00f6stermesi a\u00e7\u0131s\u0131ndan olduk\u00e7a dikkat \u00e7ekmektedir.<\/p>\n<\/div>\n<div>1994 y\u0131l\u0131 kaz\u0131lar\u0131 ise antik kentin ba\u015fka bir kesiminde s\u00fcrd\u00fcr\u00fclm\u00fc\u015f, burada da \u00f6zellikle Ge\u00e7 Roma ve Erken Bizans olarak adland\u0131r\u0131lan d\u00f6nemde Pompeiopolis\u2019in \u00f6nemini hala korudu\u011funu g\u00f6stermesi a\u00e7\u0131s\u0131ndan \u00f6nem arz etmektedir.<\/div>\n<div>Bunlar\u0131n d\u0131\u015f\u0131nda Ta\u015fk\u00f6pr\u00fc Belediyesi il\u00e7enin \u00e7e\u015fitli yerlerine da\u011f\u0131lm\u0131\u015f antik kente ait bir\u00e7ok yap\u0131 malzemesi, heykel, b\u00fcy\u00fck kaplar gibi arkeolojik par\u00e7alar\u0131 Z\u0131mb\u0131ll\u0131 Tepesi eteklerine kurmu\u015f oldu\u011fu mini park i\u00e7erisinde koruma alt\u0131na alm\u0131\u015f ve sergiye a\u00e7m\u0131\u015ft\u0131r<\/div>\n","protected":false},"excerpt":{"rendered":"<p>POMPE\u0130OPOL\u0130S\u2019\u0130N KURULU\u015eU M.\u00d6. 64 y\u0131l\u0131nda Romal\u0131 General Pompeius Magnus Pompeiopolis\u2019i Roma imparatorlu\u011funun kuzey Anadolu\u2019daki romanizasyonun \u00fcs b\u00f6lgesi olarak daha \u00f6nceki bir yerle\u015fimin \u00fczerine ve \u00e7evre k\u00f6ylerin n\u00fcfusunun da birle\u015ftirmesiyle g\u00f6rkemli bir kent olarak kurdu. Ve bu yeni \u015fehrin ismi de kurucusuna ithafen \u201cPompeiopolis\u201d oldu. M.\u00d6. 66 y\u0131l\u0131nda s\u0131n\u0131rs\u0131z yetkilerle donat\u0131lm\u0131\u015f Romal\u0131 General Pompeus Magnus, Anadolu\u2019ya [&hellip;]<\/p>\n","protected":false},"author":1,"featured_media":0,"parent":0,"menu_order":0,"comment_status":"closed","ping_status":"closed","template":"g1_template_page_sidebar_right.php","meta":{"footnotes":""},"class_list":["post-2295","page","type-page","status-publish"],"_links":{"self":[{"href":"https:\/\/taskopru.bel.tr\/v1\/wp-json\/wp\/v2\/pages\/2295","targetHints":{"allow":["GET"]}}],"collection":[{"href":"https:\/\/taskopru.bel.tr\/v1\/wp-json\/wp\/v2\/pages"}],"about":[{"href":"https:\/\/taskopru.bel.tr\/v1\/wp-json\/wp\/v2\/types\/page"}],"author":[{"embeddable":true,"href":"https:\/\/taskopru.bel.tr\/v1\/wp-json\/wp\/v2\/users\/1"}],"replies":[{"embeddable":true,"href":"https:\/\/taskopru.bel.tr\/v1\/wp-json\/wp\/v2\/comments?post=2295"}],"version-history":[{"count":2,"href":"https:\/\/taskopru.bel.tr\/v1\/wp-json\/wp\/v2\/pages\/2295\/revisions"}],"predecessor-version":[{"id":2407,"href":"https:\/\/taskopru.bel.tr\/v1\/wp-json\/wp\/v2\/pages\/2295\/revisions\/2407"}],"wp:attachment":[{"href":"https:\/\/taskopru.bel.tr\/v1\/wp-json\/wp\/v2\/media?parent=2295"}],"curies":[{"name":"wp","href":"https:\/\/api.w.org\/{rel}","templated":true}]}}