{"id":11119,"date":"2024-07-30T17:21:24","date_gmt":"2024-07-30T14:21:24","guid":{"rendered":"https:\/\/taskopru.bel.tr\/v1\/?page_id=11119"},"modified":"2024-07-30T17:22:52","modified_gmt":"2024-07-30T14:22:52","slug":"kara-mustafa-pasa-tas-camii","status":"publish","type":"page","link":"https:\/\/taskopru.bel.tr\/v1\/kara-mustafa-pasa-tas-camii\/","title":{"rendered":"Kara Mustafa Pa\u015fa (Ta\u015f) Camii"},"content":{"rendered":"<h4 class=\"post-title entry-title h1\">Kara Mustafa Pa\u015fa (Ta\u015f) Camii<\/h4>\n<p>Kastamonu&#8217;nun Ta\u015fk\u00f6pr\u00fc \u0130l\u00e7esi&#8217;nde, il\u00e7e merkezinde yer almaktad\u0131r.Caminin kitabesi mevcut de\u011fildir. Bu y\u00fczden de kimin taraf\u0131ndan yapt\u0131r\u0131ld\u0131\u011f\u0131 me\u00e7huld\u00fcr. Kara Mustafa Pa\u015fa taraf\u0131ndan yapt\u0131r\u0131ld\u0131\u011f\u0131 s\u00f6yleniyorsa da bunu ispatlayacak herhangi bir vesikaya rastlan\u0131lmam\u0131\u015ft\u0131r. Eserin \u00fcslubundan XVII.y\u00fczy\u0131lda yap\u0131ld\u0131\u011f\u0131 tahmin edilmektedir. Cami 1854 y\u0131l\u0131nda tadilattan ge\u00e7irilmi\u015ftir. Moloz ta\u015ftan yap\u0131lm\u0131\u015f olan caminin \u00fczeri ah\u015fap tavan ve \u00e7at\u0131 ile \u00f6rt\u00fcl\u00fcd\u00fcr. Al\u00e7\u0131 mihrab\u0131 olduk\u00e7a zengin mukarnaslarla bezenmi\u015ftir. Tadilatlar neticesi orijinalli\u011finden uzakla\u015fm\u0131\u015ft\u0131r.<\/p>\n<p>&nbsp;<\/p>\n<p><a href=\"https:\/\/taskopru.bel.tr\/v1\/wp-content\/uploads\/2024\/07\/Tas-Cami2.jpg\"><img decoding=\"async\" class=\"alignnone wp-image-11121 lazyload\" data-src=\"https:\/\/taskopru.bel.tr\/v1\/wp-content\/uploads\/2024\/07\/Tas-Cami2-300x169.jpg\" alt=\"\" width=\"376\" height=\"212\" data-srcset=\"https:\/\/taskopru.bel.tr\/v1\/wp-content\/uploads\/2024\/07\/Tas-Cami2-300x169.jpg 300w, https:\/\/taskopru.bel.tr\/v1\/wp-content\/uploads\/2024\/07\/Tas-Cami2-1024x577.jpg 1024w, https:\/\/taskopru.bel.tr\/v1\/wp-content\/uploads\/2024\/07\/Tas-Cami2-768x433.jpg 768w, https:\/\/taskopru.bel.tr\/v1\/wp-content\/uploads\/2024\/07\/Tas-Cami2-1536x866.jpg 1536w, https:\/\/taskopru.bel.tr\/v1\/wp-content\/uploads\/2024\/07\/Tas-Cami2-968x546.jpg 968w, https:\/\/taskopru.bel.tr\/v1\/wp-content\/uploads\/2024\/07\/Tas-Cami2-636x359.jpg 636w, https:\/\/taskopru.bel.tr\/v1\/wp-content\/uploads\/2024\/07\/Tas-Cami2-482x271.jpg 482w, https:\/\/taskopru.bel.tr\/v1\/wp-content\/uploads\/2024\/07\/Tas-Cami2-320x180.jpg 320w, https:\/\/taskopru.bel.tr\/v1\/wp-content\/uploads\/2024\/07\/Tas-Cami2-239x135.jpg 239w, https:\/\/taskopru.bel.tr\/v1\/wp-content\/uploads\/2024\/07\/Tas-Cami2.jpg 1600w\" data-sizes=\"(max-width: 376px) 100vw, 376px\" src=\"data:image\/svg+xml;base64,PHN2ZyB3aWR0aD0iMSIgaGVpZ2h0PSIxIiB4bWxucz0iaHR0cDovL3d3dy53My5vcmcvMjAwMC9zdmciPjwvc3ZnPg==\" style=\"--smush-placeholder-width: 376px; --smush-placeholder-aspect-ratio: 376\/212;\" \/><\/a><a href=\"https:\/\/taskopru.bel.tr\/v1\/wp-content\/uploads\/2024\/07\/Tas-Cami1.jpg\"> \u00a0\u00a0\u00a0\u00a0\u00a0\u00a0\u00a0\u00a0\u00a0\u00a0 <img decoding=\"async\" class=\"alignnone wp-image-11122 lazyload\" data-src=\"https:\/\/taskopru.bel.tr\/v1\/wp-content\/uploads\/2024\/07\/Tas-Cami1-300x169.jpg\" alt=\"\" width=\"376\" height=\"212\" data-srcset=\"https:\/\/taskopru.bel.tr\/v1\/wp-content\/uploads\/2024\/07\/Tas-Cami1-300x169.jpg 300w, https:\/\/taskopru.bel.tr\/v1\/wp-content\/uploads\/2024\/07\/Tas-Cami1-636x359.jpg 636w, https:\/\/taskopru.bel.tr\/v1\/wp-content\/uploads\/2024\/07\/Tas-Cami1-482x271.jpg 482w, https:\/\/taskopru.bel.tr\/v1\/wp-content\/uploads\/2024\/07\/Tas-Cami1-320x181.jpg 320w, https:\/\/taskopru.bel.tr\/v1\/wp-content\/uploads\/2024\/07\/Tas-Cami1-239x135.jpg 239w, https:\/\/taskopru.bel.tr\/v1\/wp-content\/uploads\/2024\/07\/Tas-Cami1.jpg 640w\" data-sizes=\"(max-width: 376px) 100vw, 376px\" src=\"data:image\/svg+xml;base64,PHN2ZyB3aWR0aD0iMSIgaGVpZ2h0PSIxIiB4bWxucz0iaHR0cDovL3d3dy53My5vcmcvMjAwMC9zdmciPjwvc3ZnPg==\" style=\"--smush-placeholder-width: 376px; --smush-placeholder-aspect-ratio: 376\/212;\" \/><\/a><a href=\"https:\/\/taskopru.bel.tr\/v1\/wp-content\/uploads\/2024\/07\/Tas-Cami3.jpg\"><img decoding=\"async\" class=\"alignnone wp-image-11120 lazyload\" data-src=\"https:\/\/taskopru.bel.tr\/v1\/wp-content\/uploads\/2024\/07\/Tas-Cami3-300x169.jpg\" alt=\"\" width=\"378\" height=\"213\" data-srcset=\"https:\/\/taskopru.bel.tr\/v1\/wp-content\/uploads\/2024\/07\/Tas-Cami3-300x169.jpg 300w, https:\/\/taskopru.bel.tr\/v1\/wp-content\/uploads\/2024\/07\/Tas-Cami3-1024x577.jpg 1024w, https:\/\/taskopru.bel.tr\/v1\/wp-content\/uploads\/2024\/07\/Tas-Cami3-768x433.jpg 768w, https:\/\/taskopru.bel.tr\/v1\/wp-content\/uploads\/2024\/07\/Tas-Cami3-1536x866.jpg 1536w, https:\/\/taskopru.bel.tr\/v1\/wp-content\/uploads\/2024\/07\/Tas-Cami3-968x546.jpg 968w, https:\/\/taskopru.bel.tr\/v1\/wp-content\/uploads\/2024\/07\/Tas-Cami3-636x359.jpg 636w, https:\/\/taskopru.bel.tr\/v1\/wp-content\/uploads\/2024\/07\/Tas-Cami3-482x271.jpg 482w, https:\/\/taskopru.bel.tr\/v1\/wp-content\/uploads\/2024\/07\/Tas-Cami3-320x180.jpg 320w, https:\/\/taskopru.bel.tr\/v1\/wp-content\/uploads\/2024\/07\/Tas-Cami3-239x135.jpg 239w, https:\/\/taskopru.bel.tr\/v1\/wp-content\/uploads\/2024\/07\/Tas-Cami3.jpg 1600w\" data-sizes=\"(max-width: 378px) 100vw, 378px\" src=\"data:image\/svg+xml;base64,PHN2ZyB3aWR0aD0iMSIgaGVpZ2h0PSIxIiB4bWxucz0iaHR0cDovL3d3dy53My5vcmcvMjAwMC9zdmciPjwvc3ZnPg==\" style=\"--smush-placeholder-width: 378px; --smush-placeholder-aspect-ratio: 378\/213;\" \/><\/a>\u00a0 \u00a0 \u00a0 \u00a0 \u00a0\u00a0\u00a0 <a href=\"https:\/\/taskopru.bel.tr\/v1\/wp-content\/uploads\/2024\/07\/Tas-Cami5.jpg\"><img decoding=\"async\" class=\"alignnone wp-image-11123 lazyload\" data-src=\"https:\/\/taskopru.bel.tr\/v1\/wp-content\/uploads\/2024\/07\/Tas-Cami5-300x205.jpg\" alt=\"\" width=\"315\" height=\"215\" data-srcset=\"https:\/\/taskopru.bel.tr\/v1\/wp-content\/uploads\/2024\/07\/Tas-Cami5-300x205.jpg 300w, https:\/\/taskopru.bel.tr\/v1\/wp-content\/uploads\/2024\/07\/Tas-Cami5-768x525.jpg 768w, https:\/\/taskopru.bel.tr\/v1\/wp-content\/uploads\/2024\/07\/Tas-Cami5-636x435.jpg 636w, https:\/\/taskopru.bel.tr\/v1\/wp-content\/uploads\/2024\/07\/Tas-Cami5-320x219.jpg 320w, https:\/\/taskopru.bel.tr\/v1\/wp-content\/uploads\/2024\/07\/Tas-Cami5-239x163.jpg 239w, https:\/\/taskopru.bel.tr\/v1\/wp-content\/uploads\/2024\/07\/Tas-Cami5.jpg 800w\" data-sizes=\"(max-width: 315px) 100vw, 315px\" src=\"data:image\/svg+xml;base64,PHN2ZyB3aWR0aD0iMSIgaGVpZ2h0PSIxIiB4bWxucz0iaHR0cDovL3d3dy53My5vcmcvMjAwMC9zdmciPjwvc3ZnPg==\" style=\"--smush-placeholder-width: 315px; --smush-placeholder-aspect-ratio: 315\/215;\" \/><\/a> <a href=\"https:\/\/taskopru.bel.tr\/v1\/wp-content\/uploads\/2024\/07\/Tas-Cami4.jpg\">\u00a0\u00a0<\/a><\/p>\n<p><a href=\"https:\/\/taskopru.bel.tr\/v1\/wp-content\/uploads\/2024\/07\/Tas-Cami4.jpg\"> <img decoding=\"async\" class=\"alignnone wp-image-11124 lazyload\" data-src=\"https:\/\/taskopru.bel.tr\/v1\/wp-content\/uploads\/2024\/07\/Tas-Cami4-300x216.jpg\" alt=\"\" width=\"374\" height=\"270\" data-srcset=\"https:\/\/taskopru.bel.tr\/v1\/wp-content\/uploads\/2024\/07\/Tas-Cami4-300x216.jpg 300w, https:\/\/taskopru.bel.tr\/v1\/wp-content\/uploads\/2024\/07\/Tas-Cami4-768x554.jpg 768w, https:\/\/taskopru.bel.tr\/v1\/wp-content\/uploads\/2024\/07\/Tas-Cami4-636x459.jpg 636w, https:\/\/taskopru.bel.tr\/v1\/wp-content\/uploads\/2024\/07\/Tas-Cami4-320x231.jpg 320w, https:\/\/taskopru.bel.tr\/v1\/wp-content\/uploads\/2024\/07\/Tas-Cami4-239x172.jpg 239w, https:\/\/taskopru.bel.tr\/v1\/wp-content\/uploads\/2024\/07\/Tas-Cami4.jpg 800w\" data-sizes=\"(max-width: 374px) 100vw, 374px\" src=\"data:image\/svg+xml;base64,PHN2ZyB3aWR0aD0iMSIgaGVpZ2h0PSIxIiB4bWxucz0iaHR0cDovL3d3dy53My5vcmcvMjAwMC9zdmciPjwvc3ZnPg==\" style=\"--smush-placeholder-width: 374px; --smush-placeholder-aspect-ratio: 374\/270;\" \/><\/a><\/p>\n<p>&nbsp;<\/p>\n","protected":false},"excerpt":{"rendered":"<p>Kara Mustafa Pa\u015fa (Ta\u015f) Camii Kastamonu&#8217;nun Ta\u015fk\u00f6pr\u00fc \u0130l\u00e7esi&#8217;nde, il\u00e7e merkezinde yer almaktad\u0131r.Caminin kitabesi mevcut de\u011fildir. Bu y\u00fczden de kimin taraf\u0131ndan yapt\u0131r\u0131ld\u0131\u011f\u0131 me\u00e7huld\u00fcr. Kara Mustafa Pa\u015fa taraf\u0131ndan yapt\u0131r\u0131ld\u0131\u011f\u0131 s\u00f6yleniyorsa da bunu ispatlayacak herhangi bir vesikaya rastlan\u0131lmam\u0131\u015ft\u0131r. Eserin \u00fcslubundan XVII.y\u00fczy\u0131lda yap\u0131ld\u0131\u011f\u0131 tahmin edilmektedir. Cami 1854 y\u0131l\u0131nda tadilattan ge\u00e7irilmi\u015ftir. Moloz ta\u015ftan yap\u0131lm\u0131\u015f olan caminin \u00fczeri ah\u015fap tavan ve [&hellip;]<\/p>\n","protected":false},"author":1,"featured_media":0,"parent":0,"menu_order":0,"comment_status":"closed","ping_status":"closed","template":"","meta":{"footnotes":""},"class_list":["post-11119","page","type-page","status-publish"],"_links":{"self":[{"href":"https:\/\/taskopru.bel.tr\/v1\/wp-json\/wp\/v2\/pages\/11119","targetHints":{"allow":["GET"]}}],"collection":[{"href":"https:\/\/taskopru.bel.tr\/v1\/wp-json\/wp\/v2\/pages"}],"about":[{"href":"https:\/\/taskopru.bel.tr\/v1\/wp-json\/wp\/v2\/types\/page"}],"author":[{"embeddable":true,"href":"https:\/\/taskopru.bel.tr\/v1\/wp-json\/wp\/v2\/users\/1"}],"replies":[{"embeddable":true,"href":"https:\/\/taskopru.bel.tr\/v1\/wp-json\/wp\/v2\/comments?post=11119"}],"version-history":[{"count":4,"href":"https:\/\/taskopru.bel.tr\/v1\/wp-json\/wp\/v2\/pages\/11119\/revisions"}],"predecessor-version":[{"id":11129,"href":"https:\/\/taskopru.bel.tr\/v1\/wp-json\/wp\/v2\/pages\/11119\/revisions\/11129"}],"wp:attachment":[{"href":"https:\/\/taskopru.bel.tr\/v1\/wp-json\/wp\/v2\/media?parent=11119"}],"curies":[{"name":"wp","href":"https:\/\/api.w.org\/{rel}","templated":true}]}}

Kara Mustafa Paşa (Taş) Camii

<h4 class="post-title entry-title h1">Kara Mustafa Paşa (Taş) Camii</h4>
<p>Kastamonu&#8217;nun Taşköprü İlçesi&#8217;nde, ilçe merkezinde yer almaktadır.Caminin kitabesi mevcut değildir. Bu yüzden de kimin tarafından yaptırıldığı meçhuldür. Kara Mustafa Paşa tarafından yaptırıldığı söyleniyorsa da bunu ispatlayacak herhangi bir vesikaya rastlanılmamıştır. Eserin üslubundan XVII.yüzyılda yapıldığı tahmin edilmektedir. Cami 1854 yılında tadilattan geçirilmiştir. Moloz taştan yapılmış olan caminin üzeri ahşap tavan ve çatı ile örtülüdür. Alçı mihrabı oldukça zengin mukarnaslarla bezenmiştir. Tadilatlar neticesi orijinalliğinden uzaklaşmıştır.</p>
<p>&nbsp;</p>
<p><a href="https://taskopru.bel.tr/v1/wp-content/uploads/2024/07/Tas-Cami2.jpg"><img decoding="async" class="alignnone wp-image-11121 lazyload" data-src="https://taskopru.bel.tr/v1/wp-content/uploads/2024/07/Tas-Cami2-300x169.jpg" alt="" width="376" height="212" data-srcset="https://taskopru.bel.tr/v1/wp-content/uploads/2024/07/Tas-Cami2-300x169.jpg 300w, https://taskopru.bel.tr/v1/wp-content/uploads/2024/07/Tas-Cami2-1024x577.jpg 1024w, https://taskopru.bel.tr/v1/wp-content/uploads/2024/07/Tas-Cami2-768x433.jpg 768w, https://taskopru.bel.tr/v1/wp-content/uploads/2024/07/Tas-Cami2-1536x866.jpg 1536w, https://taskopru.bel.tr/v1/wp-content/uploads/2024/07/Tas-Cami2-968x546.jpg 968w, https://taskopru.bel.tr/v1/wp-content/uploads/2024/07/Tas-Cami2-636x359.jpg 636w, https://taskopru.bel.tr/v1/wp-content/uploads/2024/07/Tas-Cami2-482x271.jpg 482w, https://taskopru.bel.tr/v1/wp-content/uploads/2024/07/Tas-Cami2-320x180.jpg 320w, https://taskopru.bel.tr/v1/wp-content/uploads/2024/07/Tas-Cami2-239x135.jpg 239w, https://taskopru.bel.tr/v1/wp-content/uploads/2024/07/Tas-Cami2.jpg 1600w" data-sizes="(max-width: 376px) 100vw, 376px" src="data:image/svg+xml;base64,PHN2ZyB3aWR0aD0iMSIgaGVpZ2h0PSIxIiB4bWxucz0iaHR0cDovL3d3dy53My5vcmcvMjAwMC9zdmciPjwvc3ZnPg==" style="--smush-placeholder-width: 376px; --smush-placeholder-aspect-ratio: 376/212;" /></a><a href="https://taskopru.bel.tr/v1/wp-content/uploads/2024/07/Tas-Cami1.jpg">            <img decoding="async" class="alignnone wp-image-11122 lazyload" data-src="https://taskopru.bel.tr/v1/wp-content/uploads/2024/07/Tas-Cami1-300x169.jpg" alt="" width="376" height="212" data-srcset="https://taskopru.bel.tr/v1/wp-content/uploads/2024/07/Tas-Cami1-300x169.jpg 300w, https://taskopru.bel.tr/v1/wp-content/uploads/2024/07/Tas-Cami1-636x359.jpg 636w, https://taskopru.bel.tr/v1/wp-content/uploads/2024/07/Tas-Cami1-482x271.jpg 482w, https://taskopru.bel.tr/v1/wp-content/uploads/2024/07/Tas-Cami1-320x181.jpg 320w, https://taskopru.bel.tr/v1/wp-content/uploads/2024/07/Tas-Cami1-239x135.jpg 239w, https://taskopru.bel.tr/v1/wp-content/uploads/2024/07/Tas-Cami1.jpg 640w" data-sizes="(max-width: 376px) 100vw, 376px" src="data:image/svg+xml;base64,PHN2ZyB3aWR0aD0iMSIgaGVpZ2h0PSIxIiB4bWxucz0iaHR0cDovL3d3dy53My5vcmcvMjAwMC9zdmciPjwvc3ZnPg==" style="--smush-placeholder-width: 376px; --smush-placeholder-aspect-ratio: 376/212;" /></a><a href="https://taskopru.bel.tr/v1/wp-content/uploads/2024/07/Tas-Cami3.jpg"><img decoding="async" class="alignnone wp-image-11120 lazyload" data-src="https://taskopru.bel.tr/v1/wp-content/uploads/2024/07/Tas-Cami3-300x169.jpg" alt="" width="378" height="213" data-srcset="https://taskopru.bel.tr/v1/wp-content/uploads/2024/07/Tas-Cami3-300x169.jpg 300w, https://taskopru.bel.tr/v1/wp-content/uploads/2024/07/Tas-Cami3-1024x577.jpg 1024w, https://taskopru.bel.tr/v1/wp-content/uploads/2024/07/Tas-Cami3-768x433.jpg 768w, https://taskopru.bel.tr/v1/wp-content/uploads/2024/07/Tas-Cami3-1536x866.jpg 1536w, https://taskopru.bel.tr/v1/wp-content/uploads/2024/07/Tas-Cami3-968x546.jpg 968w, https://taskopru.bel.tr/v1/wp-content/uploads/2024/07/Tas-Cami3-636x359.jpg 636w, https://taskopru.bel.tr/v1/wp-content/uploads/2024/07/Tas-Cami3-482x271.jpg 482w, https://taskopru.bel.tr/v1/wp-content/uploads/2024/07/Tas-Cami3-320x180.jpg 320w, https://taskopru.bel.tr/v1/wp-content/uploads/2024/07/Tas-Cami3-239x135.jpg 239w, https://taskopru.bel.tr/v1/wp-content/uploads/2024/07/Tas-Cami3.jpg 1600w" data-sizes="(max-width: 378px) 100vw, 378px" src="data:image/svg+xml;base64,PHN2ZyB3aWR0aD0iMSIgaGVpZ2h0PSIxIiB4bWxucz0iaHR0cDovL3d3dy53My5vcmcvMjAwMC9zdmciPjwvc3ZnPg==" style="--smush-placeholder-width: 378px; --smush-placeholder-aspect-ratio: 378/213;" /></a>            <a href="https://taskopru.bel.tr/v1/wp-content/uploads/2024/07/Tas-Cami5.jpg"><img decoding="async" class="alignnone wp-image-11123 lazyload" data-src="https://taskopru.bel.tr/v1/wp-content/uploads/2024/07/Tas-Cami5-300x205.jpg" alt="" width="315" height="215" data-srcset="https://taskopru.bel.tr/v1/wp-content/uploads/2024/07/Tas-Cami5-300x205.jpg 300w, https://taskopru.bel.tr/v1/wp-content/uploads/2024/07/Tas-Cami5-768x525.jpg 768w, https://taskopru.bel.tr/v1/wp-content/uploads/2024/07/Tas-Cami5-636x435.jpg 636w, https://taskopru.bel.tr/v1/wp-content/uploads/2024/07/Tas-Cami5-320x219.jpg 320w, https://taskopru.bel.tr/v1/wp-content/uploads/2024/07/Tas-Cami5-239x163.jpg 239w, https://taskopru.bel.tr/v1/wp-content/uploads/2024/07/Tas-Cami5.jpg 800w" data-sizes="(max-width: 315px) 100vw, 315px" src="data:image/svg+xml;base64,PHN2ZyB3aWR0aD0iMSIgaGVpZ2h0PSIxIiB4bWxucz0iaHR0cDovL3d3dy53My5vcmcvMjAwMC9zdmciPjwvc3ZnPg==" style="--smush-placeholder-width: 315px; --smush-placeholder-aspect-ratio: 315/215;" /></a> <a href="https://taskopru.bel.tr/v1/wp-content/uploads/2024/07/Tas-Cami4.jpg">  </a></p>
<p><a href="https://taskopru.bel.tr/v1/wp-content/uploads/2024/07/Tas-Cami4.jpg"> <img decoding="async" class="alignnone wp-image-11124 lazyload" data-src="https://taskopru.bel.tr/v1/wp-content/uploads/2024/07/Tas-Cami4-300x216.jpg" alt="" width="374" height="270" data-srcset="https://taskopru.bel.tr/v1/wp-content/uploads/2024/07/Tas-Cami4-300x216.jpg 300w, https://taskopru.bel.tr/v1/wp-content/uploads/2024/07/Tas-Cami4-768x554.jpg 768w, https://taskopru.bel.tr/v1/wp-content/uploads/2024/07/Tas-Cami4-636x459.jpg 636w, https://taskopru.bel.tr/v1/wp-content/uploads/2024/07/Tas-Cami4-320x231.jpg 320w, https://taskopru.bel.tr/v1/wp-content/uploads/2024/07/Tas-Cami4-239x172.jpg 239w, https://taskopru.bel.tr/v1/wp-content/uploads/2024/07/Tas-Cami4.jpg 800w" data-sizes="(max-width: 374px) 100vw, 374px" src="data:image/svg+xml;base64,PHN2ZyB3aWR0aD0iMSIgaGVpZ2h0PSIxIiB4bWxucz0iaHR0cDovL3d3dy53My5vcmcvMjAwMC9zdmciPjwvc3ZnPg==" style="--smush-placeholder-width: 374px; --smush-placeholder-aspect-ratio: 374/270;" /></a></p>
<p>&nbsp;</p>

<p>Kara Mustafa Paşa (Taş) Camii Kastamonu&#8217;nun Taşköprü İlçesi&#8217;nde, ilçe merkezinde yer almaktadır.Caminin kitabesi mevcut değildir. Bu yüzden de kimin tarafından yaptırıldığı meçhuldür. Kara Mustafa Paşa tarafından yaptırıldığı söyleniyorsa da bunu ispatlayacak herhangi bir vesikaya rastlanılmamıştır. Eserin üslubundan XVII.yüzyılda yapıldığı tahmin edilmektedir. Cami 1854 yılında tadilattan geçirilmiştir. Moloz taştan yapılmış olan caminin üzeri ahşap tavan ve [&hellip;]</p>
