{"id":10851,"date":"2024-07-10T13:54:42","date_gmt":"2024-07-10T10:54:42","guid":{"rendered":"https:\/\/taskopru.bel.tr\/v1\/?page_id=10851"},"modified":"2024-09-09T10:10:04","modified_gmt":"2024-09-09T07:10:04","slug":"kulturel-ve-idari-binalar","status":"publish","type":"page","link":"https:\/\/taskopru.bel.tr\/v1\/kulturel-ve-idari-binalar\/","title":{"rendered":"K\u00fclt\u00fcrel ve \u0130dari Binalar"},"content":{"rendered":"<p><a href=\"https:\/\/taskopru.bel.tr\/v1\/hukumet-konagi\/\"><img decoding=\"async\" class=\"alignnone wp-image-10856 size-medium lazyload\" data-src=\"https:\/\/taskopru.bel.tr\/v1\/wp-content\/uploads\/2024\/07\/hukumetkonagi-300x300.jpg\" alt=\"\" width=\"300\" height=\"300\" data-srcset=\"https:\/\/taskopru.bel.tr\/v1\/wp-content\/uploads\/2024\/07\/hukumetkonagi-300x300.jpg 300w, https:\/\/taskopru.bel.tr\/v1\/wp-content\/uploads\/2024\/07\/hukumetkonagi-150x150.jpg 150w, https:\/\/taskopru.bel.tr\/v1\/wp-content\/uploads\/2024\/07\/hukumetkonagi-320x320.jpg 320w, https:\/\/taskopru.bel.tr\/v1\/wp-content\/uploads\/2024\/07\/hukumetkonagi-239x239.jpg 239w, https:\/\/taskopru.bel.tr\/v1\/wp-content\/uploads\/2024\/07\/hukumetkonagi-55x55.jpg 55w, https:\/\/taskopru.bel.tr\/v1\/wp-content\/uploads\/2024\/07\/hukumetkonagi.jpg 600w\" data-sizes=\"(max-width: 300px) 100vw, 300px\" src=\"data:image\/svg+xml;base64,PHN2ZyB3aWR0aD0iMSIgaGVpZ2h0PSIxIiB4bWxucz0iaHR0cDovL3d3dy53My5vcmcvMjAwMC9zdmciPjwvc3ZnPg==\" style=\"--smush-placeholder-width: 300px; --smush-placeholder-aspect-ratio: 300\/300;\" \/><\/a><a href=\"https:\/\/taskopru.bel.tr\/v1\/wp-content\/uploads\/2024\/07\/hukumetkonagi.jpg\">\u00a0\u00a0\u00a0\u00a0\u00a0 <\/a><a href=\"https:\/\/taskopru.bel.tr\/v1\/belediye-binasi\/\"><img decoding=\"async\" class=\"alignnone wp-image-10855 size-medium lazyload\" data-src=\"https:\/\/taskopru.bel.tr\/v1\/wp-content\/uploads\/2024\/07\/belediye-binasi-300x300.jpg\" alt=\"\" width=\"300\" height=\"300\" data-srcset=\"https:\/\/taskopru.bel.tr\/v1\/wp-content\/uploads\/2024\/07\/belediye-binasi-300x300.jpg 300w, https:\/\/taskopru.bel.tr\/v1\/wp-content\/uploads\/2024\/07\/belediye-binasi-150x150.jpg 150w, https:\/\/taskopru.bel.tr\/v1\/wp-content\/uploads\/2024\/07\/belediye-binasi-320x320.jpg 320w, https:\/\/taskopru.bel.tr\/v1\/wp-content\/uploads\/2024\/07\/belediye-binasi-239x239.jpg 239w, https:\/\/taskopru.bel.tr\/v1\/wp-content\/uploads\/2024\/07\/belediye-binasi-55x55.jpg 55w, https:\/\/taskopru.bel.tr\/v1\/wp-content\/uploads\/2024\/07\/belediye-binasi.jpg 600w\" data-sizes=\"(max-width: 300px) 100vw, 300px\" src=\"data:image\/svg+xml;base64,PHN2ZyB3aWR0aD0iMSIgaGVpZ2h0PSIxIiB4bWxucz0iaHR0cDovL3d3dy53My5vcmcvMjAwMC9zdmciPjwvc3ZnPg==\" style=\"--smush-placeholder-width: 300px; --smush-placeholder-aspect-ratio: 300\/300;\" \/>\u00a0\u00a0\u00a0\u00a0<\/a> \u00a0 <a href=\"https:\/\/taskopru.bel.tr\/v1\/kent-tarihi-muzesi\/\"><img decoding=\"async\" class=\"alignnone wp-image-10857 size-medium lazyload\" data-src=\"https:\/\/taskopru.bel.tr\/v1\/wp-content\/uploads\/2024\/07\/muzebinasi-300x300.jpg\" alt=\"\" width=\"300\" height=\"300\" data-srcset=\"https:\/\/taskopru.bel.tr\/v1\/wp-content\/uploads\/2024\/07\/muzebinasi-300x300.jpg 300w, https:\/\/taskopru.bel.tr\/v1\/wp-content\/uploads\/2024\/07\/muzebinasi-150x150.jpg 150w, https:\/\/taskopru.bel.tr\/v1\/wp-content\/uploads\/2024\/07\/muzebinasi-320x320.jpg 320w, https:\/\/taskopru.bel.tr\/v1\/wp-content\/uploads\/2024\/07\/muzebinasi-239x239.jpg 239w, https:\/\/taskopru.bel.tr\/v1\/wp-content\/uploads\/2024\/07\/muzebinasi-55x55.jpg 55w, https:\/\/taskopru.bel.tr\/v1\/wp-content\/uploads\/2024\/07\/muzebinasi.jpg 600w\" data-sizes=\"(max-width: 300px) 100vw, 300px\" src=\"data:image\/svg+xml;base64,PHN2ZyB3aWR0aD0iMSIgaGVpZ2h0PSIxIiB4bWxucz0iaHR0cDovL3d3dy53My5vcmcvMjAwMC9zdmciPjwvc3ZnPg==\" style=\"--smush-placeholder-width: 300px; --smush-placeholder-aspect-ratio: 300\/300;\" \/><\/a><\/p>\n<p style=\"text-align: left;\"><strong>H\u00fck\u00fcmet Kona\u011f\u0131\u00a0 \u00a0 \u00a0 \u00a0 \u00a0 \u00a0 \u00a0 \u00a0 \u00a0 \u00a0 \u00a0 \u00a0 \u00a0 \u00a0 \u00a0 \u00a0 \u00a0 \u00a0 \u00a0 \u00a0 \u00a0 \u00a0 \u00a0 \u00a0 \u00a0 \u00a0 \u00a0 \u00a0 \u00a0 \u00a0 \u00a0 \u00a0 \u00a0 \u00a0 \u00a0 \u00a0 Belediye Binas\u0131\u00a0\u00a0\u00a0\u00a0\u00a0\u00a0\u00a0\u00a0\u00a0\u00a0\u00a0\u00a0\u00a0\u00a0\u00a0\u00a0\u00a0\u00a0\u00a0\u00a0\u00a0\u00a0\u00a0\u00a0\u00a0\u00a0\u00a0\u00a0\u00a0\u00a0\u00a0\u00a0\u00a0\u00a0\u00a0\u00a0\u00a0\u00a0\u00a0\u00a0 \u00a0 \u00a0 \u00a0 \u00a0\u00a0\u00a0\u00a0\u00a0\u00a0\u00a0\u00a0\u00a0\u00a0\u00a0\u00a0\u00a0 Kent Tarihi M\u00fczesi<br \/>\n<\/strong><\/p>\n","protected":false},"excerpt":{"rendered":"<p>\u00a0\u00a0\u00a0\u00a0\u00a0 \u00a0\u00a0\u00a0\u00a0 \u00a0 H\u00fck\u00fcmet Kona\u011f\u0131\u00a0 \u00a0 \u00a0 \u00a0 \u00a0 \u00a0 \u00a0 \u00a0 \u00a0 \u00a0 \u00a0 \u00a0 \u00a0 \u00a0 \u00a0 \u00a0 \u00a0 \u00a0 \u00a0 \u00a0 \u00a0 \u00a0 \u00a0 \u00a0 \u00a0 \u00a0 \u00a0 \u00a0 \u00a0 \u00a0 \u00a0 \u00a0 \u00a0 \u00a0 \u00a0 \u00a0 Belediye Binas\u0131\u00a0\u00a0\u00a0\u00a0\u00a0\u00a0\u00a0\u00a0\u00a0\u00a0\u00a0\u00a0\u00a0\u00a0\u00a0\u00a0\u00a0\u00a0\u00a0\u00a0\u00a0\u00a0\u00a0\u00a0\u00a0\u00a0\u00a0\u00a0\u00a0\u00a0\u00a0\u00a0\u00a0\u00a0\u00a0\u00a0\u00a0\u00a0\u00a0\u00a0 \u00a0 \u00a0 \u00a0 \u00a0\u00a0\u00a0\u00a0\u00a0\u00a0\u00a0\u00a0\u00a0\u00a0\u00a0\u00a0\u00a0 Kent Tarihi M\u00fczesi<\/p>\n","protected":false},"author":1,"featured_media":0,"parent":0,"menu_order":0,"comment_status":"closed","ping_status":"closed","template":"","meta":{"footnotes":""},"class_list":["post-10851","page","type-page","status-publish"],"_links":{"self":[{"href":"https:\/\/taskopru.bel.tr\/v1\/wp-json\/wp\/v2\/pages\/10851","targetHints":{"allow":["GET"]}}],"collection":[{"href":"https:\/\/taskopru.bel.tr\/v1\/wp-json\/wp\/v2\/pages"}],"about":[{"href":"https:\/\/taskopru.bel.tr\/v1\/wp-json\/wp\/v2\/types\/page"}],"author":[{"embeddable":true,"href":"https:\/\/taskopru.bel.tr\/v1\/wp-json\/wp\/v2\/users\/1"}],"replies":[{"embeddable":true,"href":"https:\/\/taskopru.bel.tr\/v1\/wp-json\/wp\/v2\/comments?post=10851"}],"version-history":[{"count":14,"href":"https:\/\/taskopru.bel.tr\/v1\/wp-json\/wp\/v2\/pages\/10851\/revisions"}],"predecessor-version":[{"id":11477,"href":"https:\/\/taskopru.bel.tr\/v1\/wp-json\/wp\/v2\/pages\/10851\/revisions\/11477"}],"wp:attachment":[{"href":"https:\/\/taskopru.bel.tr\/v1\/wp-json\/wp\/v2\/media?parent=10851"}],"curies":[{"name":"wp","href":"https:\/\/api.w.org\/{rel}","templated":true}]}}