{"id":10390,"date":"2024-06-14T16:27:43","date_gmt":"2024-06-14T13:27:43","guid":{"rendered":"https:\/\/taskopru.bel.tr\/v1\/?page_id=10390"},"modified":"2024-08-01T16:46:34","modified_gmt":"2024-08-01T13:46:34","slug":"veterinerlik-hizmetleri","status":"publish","type":"page","link":"https:\/\/taskopru.bel.tr\/v1\/veterinerlik-hizmetleri\/","title":{"rendered":"Veterinerlik Hizmetleri"},"content":{"rendered":"<ul>\n<li>\n<h3><strong>Veteriner Hekim- Selim DEM\u0130RC\u0130O\u011eLU <\/strong><\/h3>\n<\/li>\n<li>\n<h3><strong>\u0130rtibat Tel :366 417 1058 (Dahili-355)<\/strong><\/h3>\n<\/li>\n<\/ul>\n","protected":false},"excerpt":{"rendered":"<p>Veteriner Hekim- Selim DEM\u0130RC\u0130O\u011eLU \u0130rtibat Tel :366 417 1058 (Dahili-355)<\/p>\n","protected":false},"author":1,"featured_media":0,"parent":0,"menu_order":0,"comment_status":"closed","ping_status":"closed","template":"","meta":{"footnotes":""},"class_list":["post-10390","page","type-page","status-publish"],"_links":{"self":[{"href":"https:\/\/taskopru.bel.tr\/v1\/wp-json\/wp\/v2\/pages\/10390","targetHints":{"allow":["GET"]}}],"collection":[{"href":"https:\/\/taskopru.bel.tr\/v1\/wp-json\/wp\/v2\/pages"}],"about":[{"href":"https:\/\/taskopru.bel.tr\/v1\/wp-json\/wp\/v2\/types\/page"}],"author":[{"embeddable":true,"href":"https:\/\/taskopru.bel.tr\/v1\/wp-json\/wp\/v2\/users\/1"}],"replies":[{"embeddable":true,"href":"https:\/\/taskopru.bel.tr\/v1\/wp-json\/wp\/v2\/comments?post=10390"}],"version-history":[{"count":4,"href":"https:\/\/taskopru.bel.tr\/v1\/wp-json\/wp\/v2\/pages\/10390\/revisions"}],"predecessor-version":[{"id":11162,"href":"https:\/\/taskopru.bel.tr\/v1\/wp-json\/wp\/v2\/pages\/10390\/revisions\/11162"}],"wp:attachment":[{"href":"https:\/\/taskopru.bel.tr\/v1\/wp-json\/wp\/v2\/media?parent=10390"}],"curies":[{"name":"wp","href":"https:\/\/api.w.org\/{rel}","templated":true}]}}